{"id":359,"date":"2026-01-29T18:55:48","date_gmt":"2026-01-29T18:55:48","guid":{"rendered":"https:\/\/globalsolidarity.live\/robotagency0.7\/?page_id=359"},"modified":"2026-01-29T18:55:51","modified_gmt":"2026-01-29T18:55:51","slug":"instructions-for-sellers","status":"publish","type":"page","link":"https:\/\/globalsolidarity.live\/robotagency0.7\/instructions-for-sellers\/","title":{"rendered":"INSTRUCTIONS FOR SELLERS"},"content":{"rendered":"\n<p>INSTRUCTIONS FOR SELLERS<\/p>\n\n\n\n<ol class=\"wp-block-list\">\n<li>Register on Linkedin.com<\/li>\n<\/ol>\n\n\n\n<ul class=\"wp-block-list\">\n<li>Register as a member at Hollywood Agency <a href=\"https:\/\/www.linkedin.com\/groups\/9536323\/\">https:\/\/www.linkedin.com\/groups\/9536323\/<\/a><\/li>\n<\/ul>\n\n\n\n<ul class=\"wp-block-list\">\n<li>&nbsp;Register as a member on AI Guru World<\/li>\n<\/ul>\n\n\n\n<figure class=\"wp-block-embed is-type-rich is-provider-embed wp-block-embed-embed\"><div class=\"wp-block-embed__wrapper\">\nhttps:\/\/www.linkedin.com\/groups\/8147667\n<\/div><\/figure>\n\n\n\n<ul class=\"wp-block-list\">\n<li>Sign up for Gmail: <a href=\"mailto:yourname.intellectus.store@gmail.com\">yourname.intellectus.store@gmail.com<\/a><\/li>\n<\/ul>\n\n\n\n<ul class=\"wp-block-list\">\n<li>Register on Telegram<\/li>\n<\/ul>\n\n\n\n<ul class=\"wp-block-list\">\n<li>Register on Whastsapp<\/li>\n<\/ul>\n\n\n\n<ul class=\"wp-block-list\">\n<li>Use professional looking photos on profiles<\/li>\n<\/ul>\n\n\n\n<ul class=\"wp-block-list\">\n<li>Take the digital marketing course <a href=\"https:\/\/www.youtube.com\/watch?v=nkNHn0VqVBA&amp;pp=ygUYZGlnaXRhbCBtYXJrZXRpbmcgY291cnNl\">https:\/\/www.youtube.com\/watch?v=nkNHn0VqVBA&amp;pp=ygUYZGlnaXRhbCBtYXJrZXRpbmcgY291cnNl<\/a><\/li>\n<\/ul>\n\n\n\n<ul class=\"wp-block-list\">\n<li>Once you have received the digital marketing degree, include training as an account executive for online sales in your Linkedin CV, with specialization in digital marketing, social networks and SEO.<\/li>\n<\/ul>\n\n\n\n<ol class=\"wp-block-list\">\n<li>&nbsp;Take free training courses through Edutin.com, EDX.org, Coursera, Youtube and other systems, to expand knowledge and professional training<\/li>\n<\/ol>\n\n\n\n<ol class=\"wp-block-list\">\n<li>Register in MailChimp to send email marketing<\/li>\n<\/ol>\n\n\n\n<ol class=\"wp-block-list\">\n<li>Make a list of business contacts<\/li>\n<\/ol>\n\n\n\n<ol class=\"wp-block-list\">\n<li>Search for potential clients according to the target of each product offered<\/li>\n<\/ol>\n\n\n\n<ol class=\"wp-block-list\">\n<li>Insist with up to 3 emails per client offering the services<\/li>\n<\/ol>\n\n\n\n<ol class=\"wp-block-list\">\n<li>In the second phase, the system will offer a personalized page, with its own subdomain, for each seller, through which they can make sales automatically.<\/li>\n<\/ol>\n\n\n\n<ol class=\"wp-block-list\">\n<li>The salesperson who makes the most sales will be the team leader and will receive a percentage bonus over the sales of all the others.<\/li>\n<\/ol>\n\n\n\n<p>*Note: When registering on Linkedin.com, keep in mind that it is a network for professionals. The profile photo must be serious. In personal references, once the Digital Marketing course has been completed, highlight the training as an expert online seller, in Digital Marketing, social networks and SEO. Don&#8217;t forget to put a contact email.<\/p>\n\n\n\n<p>Register at <a href=\"https:\/\/telegram.org\/\">https:\/\/telegram.org\/<\/a> &nbsp;for group and company intercommunication<\/p>\n\n\n\n<p>We recommend working as a team, of 2 people per group<\/p>\n\n\n\n<p>Payments are made to the seller&#8217;s Paypal account as soon as the company completes the payment.<\/p>\n\n\n\n<p>Important note: The sellers act completely independently, without relationship or dependency links, accepting this condition by mutual agreement.<\/p>\n\n\n\n<p>INSTRUCTIVO PARA VENDEDORES<\/p>\n\n\n\n<ol class=\"wp-block-list\">\n<li>Registrarse en Linkedin.com<\/li>\n\n\n\n<li>Registarse como miembro en Hollywood Agency <a href=\"https:\/\/www.linkedin.com\/groups\/9536323\/\">https:\/\/www.linkedin.com\/groups\/9536323\/<\/a><\/li>\n\n\n\n<li>Registarse como miembro en AI Guru World <a href=\"https:\/\/www.linkedin.com\/groups\/8147667\/\">https:\/\/www.linkedin.com\/groups\/8147667\/<\/a><\/li>\n\n\n\n<li>Hacer el curso de marketing digital <a href=\"https:\/\/www.youtube.com\/watch?v=nkNHn0VqVBA&amp;pp=ygUYZGlnaXRhbCBtYXJrZXRpbmcgY291cnNl\">https:\/\/www.youtube.com\/watch?v=nkNHn0VqVBA&amp;pp=ygUYZGlnaXRhbCBtYXJrZXRpbmcgY291cnNl<\/a><\/li>\n\n\n\n<li>Una vez recibido el titulo de marketing digital, incluir en el CV de Linkedin la capacitaci\u00f3n como ejecutivo de cuentas para ventas online, con especializaci\u00f3n en marketing digital, redes sociales y SEO.<\/li>\n\n\n\n<li>Hacer cursos de capacitaci\u00f3n gratuitos por Edutin.com, EDX.org, Coursera, Youtube y otros sistemas, para ampliar conocimientos y formaci\u00f3n profesional<\/li>\n\n\n\n<li>Registrarse en MailChimp para realizar env\u00edos de email marketing<\/li>\n\n\n\n<li>Hacer un listado de contactos comerciales<\/li>\n\n\n\n<li>Buscar potenciales clientes de acuerdo al target de cada producto ofrecido<\/li>\n\n\n\n<li>Insistir con hasta 3 emails por cliente ofreciendo los servicios<\/li>\n\n\n\n<li>El sistema ofrecer\u00e1 en segunda fase una p\u00e1gina personalizada, con subdominio propio a cada vendedor, mediante la cual podr\u00e1 realizar ventas en forma autom\u00e1tica<\/li>\n\n\n\n<li>El vendedor que m\u00e1s ventas realice ser\u00e1 l\u00edder de equipo y recibir\u00e1 un plus de porcentaje por sobre las ventas de todos los dem\u00e1s.<\/li>\n<\/ol>\n\n\n\n<p>*Nota: En el registro en Linkedin.com tener en cuenta que se trata de una red para profesionales. La foto de perfil debe ser seria. En las referencias personales, una vez realizado el curso de Marketing Digital destacar la capacitaci\u00f3n como experto vendedor online, en Marketing Digital, redes sociales y SEO. No olvidar poner un email de contacto. Registrar uno en gmail de esta forma: sunombre.aiguru.world@gmail.com o <a href=\"mailto:sunombre.hollywoods.agency@gmail.com\">sunombre.hollywoods.agency@gmail.com<\/a><\/p>\n\n\n\n<p>Registrarse en <a href=\"https:\/\/telegram.org\/\">https:\/\/telegram.org\/<\/a> para la intercomunicaci\u00f3n grupal y con la empresa<\/p>\n\n\n\n<p>Recomendamos trabajar en equipo, de 2 a personas por grupo<\/p>\n\n\n\n<p>Los pagos se realizan a la cuenta de Paypal del vendedor apenas la empresa concreta el cobro<\/p>\n\n\n\n<p>Nota importante: Los vendedores act\u00faan de forma totalmente independiente, sin v\u00ednculos de relaci\u00f3n o dependencia, aceptando esta condici\u00f3n de mutuo acuerdo.<\/p>\n\n\n\n<p>A Better World, Now Possible!<\/p>\n\n\n\n<p>EcoBuddha Maitreya<\/p>\n\n\n\n<p><\/p>\n","protected":false},"excerpt":{"rendered":"<p>INSTRUCTIONS FOR SELLERS *Note: When registering on Linkedin.com, keep in mind that it is a network for professionals.<\/p>\n","protected":false},"author":1,"featured_media":299,"parent":0,"menu_order":0,"comment_status":"closed","ping_status":"closed","template":"","meta":{"footnotes":""},"class_list":["post-359","page","type-page","status-publish","has-post-thumbnail","hentry"],"_links":{"self":[{"href":"https:\/\/globalsolidarity.live\/robotagency0.7\/wp-json\/wp\/v2\/pages\/359","targetHints":{"allow":["GET"]}}],"collection":[{"href":"https:\/\/globalsolidarity.live\/robotagency0.7\/wp-json\/wp\/v2\/pages"}],"about":[{"href":"https:\/\/globalsolidarity.live\/robotagency0.7\/wp-json\/wp\/v2\/types\/page"}],"author":[{"embeddable":true,"href":"https:\/\/globalsolidarity.live\/robotagency0.7\/wp-json\/wp\/v2\/users\/1"}],"replies":[{"embeddable":true,"href":"https:\/\/globalsolidarity.live\/robotagency0.7\/wp-json\/wp\/v2\/comments?post=359"}],"version-history":[{"count":1,"href":"https:\/\/globalsolidarity.live\/robotagency0.7\/wp-json\/wp\/v2\/pages\/359\/revisions"}],"predecessor-version":[{"id":360,"href":"https:\/\/globalsolidarity.live\/robotagency0.7\/wp-json\/wp\/v2\/pages\/359\/revisions\/360"}],"wp:featuredmedia":[{"embeddable":true,"href":"https:\/\/globalsolidarity.live\/robotagency0.7\/wp-json\/wp\/v2\/media\/299"}],"wp:attachment":[{"href":"https:\/\/globalsolidarity.live\/robotagency0.7\/wp-json\/wp\/v2\/media?parent=359"}],"curies":[{"name":"wp","href":"https:\/\/api.w.org\/{rel}","templated":true}]}}