{"id":4578,"date":"2021-05-28T02:08:02","date_gmt":"2021-05-28T02:08:02","guid":{"rendered":"https:\/\/globalsolidarity.live\/wikiyoga\/?page_id=4578"},"modified":"2021-05-28T02:17:54","modified_gmt":"2021-05-28T02:17:54","slug":"asthanga-yoga-1","status":"publish","type":"page","link":"https:\/\/globalsolidarity.live\/wikiyoga\/asthanga-yoga-1\/","title":{"rendered":"Asthanga Yoga &#8211; 1"},"content":{"rendered":"<p><iframe loading=\"lazy\" title=\"Practica completa de Ashtanga Yoga para principiantes - Half Primary (modificado).\" width=\"640\" height=\"360\" src=\"https:\/\/www.youtube.com\/embed\/syXsoVb8NVo?feature=oembed\" frameborder=\"0\" allow=\"accelerometer; autoplay; clipboard-write; encrypted-media; gyroscope; picture-in-picture; web-share\" referrerpolicy=\"strict-origin-when-cross-origin\" allowfullscreen><\/iframe><\/p>\n<p>&nbsp;<\/p>\n<p><iframe loading=\"lazy\" title=\"PRIMERA SERIE DE ASHTANGA YOGA | VARIACIONES PARA PRINCIPIANTES | MANTRA.- Muktayoga con Juliana\" width=\"640\" height=\"360\" src=\"https:\/\/www.youtube.com\/embed\/_vip5ZkrlBg?feature=oembed\" frameborder=\"0\" allow=\"accelerometer; autoplay; clipboard-write; encrypted-media; gyroscope; picture-in-picture; web-share\" referrerpolicy=\"strict-origin-when-cross-origin\" allowfullscreen><\/iframe><\/p>\n<p>&nbsp;<\/p>\n<p><iframe loading=\"lazy\" title=\"Clase de yoga: Yoga Vinyasa inspirado en Ashtanga Yoga (70 minutos)\" width=\"640\" height=\"360\" src=\"https:\/\/www.youtube.com\/embed\/g-KD4RG2yAM?feature=oembed\" frameborder=\"0\" allow=\"accelerometer; autoplay; clipboard-write; encrypted-media; gyroscope; picture-in-picture; web-share\" referrerpolicy=\"strict-origin-when-cross-origin\" allowfullscreen><\/iframe><\/p>\n<p>&nbsp;<\/p>\n<p><iframe loading=\"lazy\" title=\"Primera serie ashtanga - Yoga chikitsa - 60 min - Lucia Liencres yoga\" width=\"640\" height=\"360\" src=\"https:\/\/www.youtube.com\/embed\/pKDEmgr9DgA?feature=oembed\" frameborder=\"0\" allow=\"accelerometer; autoplay; clipboard-write; encrypted-media; gyroscope; picture-in-picture; web-share\" referrerpolicy=\"strict-origin-when-cross-origin\" allowfullscreen><\/iframe><\/p>\n<p>&nbsp;<\/p>\n<p><iframe loading=\"lazy\" title=\"Clase inspirada en el Ashtanga Yoga - Nivel Intermedio\" width=\"640\" height=\"360\" src=\"https:\/\/www.youtube.com\/embed\/Hqyev3Y5oDY?feature=oembed\" frameborder=\"0\" allow=\"accelerometer; autoplay; clipboard-write; encrypted-media; gyroscope; picture-in-picture; web-share\" referrerpolicy=\"strict-origin-when-cross-origin\" allowfullscreen><\/iframe><\/p>\n<p>&nbsp;<\/p>\n<p><iframe loading=\"lazy\" title=\"Qu\u00e9 es el ashtanga yoga, qu\u00e9 son las clases mysore - Luc\u00eda Liencres yoga\" width=\"640\" height=\"360\" src=\"https:\/\/www.youtube.com\/embed\/_UG5yyw3VuA?feature=oembed\" frameborder=\"0\" allow=\"accelerometer; autoplay; clipboard-write; encrypted-media; gyroscope; picture-in-picture; web-share\" referrerpolicy=\"strict-origin-when-cross-origin\" allowfullscreen><\/iframe><\/p>\n<p>&nbsp;<\/p>\n<p><iframe loading=\"lazy\" title=\"Practica  Ashtanga Yoga para principiantes con Cosmin Yogi\" width=\"640\" height=\"360\" src=\"https:\/\/www.youtube.com\/embed\/msb0EXw1E6o?feature=oembed\" frameborder=\"0\" allow=\"accelerometer; autoplay; clipboard-write; encrypted-media; gyroscope; picture-in-picture; web-share\" referrerpolicy=\"strict-origin-when-cross-origin\" allowfullscreen><\/iframe><\/p>\n<p>&nbsp;<\/p>\n<p><iframe loading=\"lazy\" title=\"Yoga en casa en directo | Ashtanga yoga intermedio (29\/04\/20)\" width=\"640\" height=\"360\" src=\"https:\/\/www.youtube.com\/embed\/WVCBmuJBTfc?feature=oembed\" frameborder=\"0\" allow=\"accelerometer; autoplay; clipboard-write; encrypted-media; gyroscope; picture-in-picture; web-share\" referrerpolicy=\"strict-origin-when-cross-origin\" allowfullscreen><\/iframe><\/p>\n<p>&nbsp;<\/p>\n<p><iframe loading=\"lazy\" title=\"Ashtanga Yoga Chikitsa - practica completa para principiantes\" width=\"640\" height=\"360\" src=\"https:\/\/www.youtube.com\/embed\/YdHbkUB4KhA?feature=oembed\" frameborder=\"0\" allow=\"accelerometer; autoplay; clipboard-write; encrypted-media; gyroscope; picture-in-picture; web-share\" referrerpolicy=\"strict-origin-when-cross-origin\" allowfullscreen><\/iframe><\/p>\n<p>&nbsp;<\/p>\n<p>https:\/\/www.youtube.com\/watch?v=y0m97N4v2eY<\/p>\n<p>&nbsp;<\/p>\n<p>https:\/\/www.youtube.com\/watch?v=0ARdPObqhzc<\/p>\n<p>&nbsp;<\/p>\n<p><iframe loading=\"lazy\" title=\"Primary Series Ashtanga with Sri K. Pattabhi Jois\" width=\"640\" height=\"480\" src=\"https:\/\/www.youtube.com\/embed\/aUgtMaAZzW0?feature=oembed\" frameborder=\"0\" allow=\"accelerometer; autoplay; clipboard-write; encrypted-media; gyroscope; picture-in-picture; web-share\" referrerpolicy=\"strict-origin-when-cross-origin\" allowfullscreen><\/iframe><\/p>\n<p>&nbsp;<\/p>\n<p><iframe loading=\"lazy\" title=\"Como practicar correcto - Ashtanga Yoga.\" width=\"640\" height=\"360\" src=\"https:\/\/www.youtube.com\/embed\/PMFU-70Ws9c?feature=oembed\" frameborder=\"0\" allow=\"accelerometer; autoplay; clipboard-write; encrypted-media; gyroscope; picture-in-picture; web-share\" referrerpolicy=\"strict-origin-when-cross-origin\" allowfullscreen><\/iframe><\/p>\n<p>&nbsp;<\/p>\n<p><iframe loading=\"lazy\" title=\"Como saltar en Ashtanga Yoga\" width=\"640\" height=\"360\" src=\"https:\/\/www.youtube.com\/embed\/PbC9dQcAJ20?feature=oembed\" frameborder=\"0\" allow=\"accelerometer; autoplay; clipboard-write; encrypted-media; gyroscope; picture-in-picture; web-share\" referrerpolicy=\"strict-origin-when-cross-origin\" allowfullscreen><\/iframe><\/p>\n<p>&nbsp;<\/p>\n<p><iframe loading=\"lazy\" title=\"Ashtanga Yoga Body Workout (30 minute Flow) For Inner Peace\" width=\"640\" height=\"360\" src=\"https:\/\/www.youtube.com\/embed\/pzSLOAsd0uU?feature=oembed\" frameborder=\"0\" allow=\"accelerometer; autoplay; clipboard-write; encrypted-media; gyroscope; picture-in-picture; web-share\" referrerpolicy=\"strict-origin-when-cross-origin\" allowfullscreen><\/iframe><\/p>\n<p>&nbsp;<\/p>\n<p><iframe loading=\"lazy\" title=\"Practica de Ashtanga Yoga con Cosmin Yogi\" width=\"640\" height=\"360\" src=\"https:\/\/www.youtube.com\/embed\/chf-_OMxexA?feature=oembed\" frameborder=\"0\" allow=\"accelerometer; autoplay; clipboard-write; encrypted-media; gyroscope; picture-in-picture; web-share\" referrerpolicy=\"strict-origin-when-cross-origin\" allowfullscreen><\/iframe><\/p>\n<p>&nbsp;<\/p>\n<p><iframe loading=\"lazy\" title=\"Clase Completa Ashtanga Yoga Para Principiantes\" width=\"640\" height=\"360\" src=\"https:\/\/www.youtube.com\/embed\/xO5lHUNw_4I?feature=oembed\" frameborder=\"0\" allow=\"accelerometer; autoplay; clipboard-write; encrypted-media; gyroscope; picture-in-picture; web-share\" referrerpolicy=\"strict-origin-when-cross-origin\" allowfullscreen><\/iframe><\/p>\n<p>&nbsp;<\/p>\n<p><iframe loading=\"lazy\" title=\"The Impossible | Ashtanga Yoga Demo by Laruga Glaser\" width=\"640\" height=\"360\" src=\"https:\/\/www.youtube.com\/embed\/SZCxKjgReQ4?feature=oembed\" frameborder=\"0\" allow=\"accelerometer; autoplay; clipboard-write; encrypted-media; gyroscope; picture-in-picture; web-share\" referrerpolicy=\"strict-origin-when-cross-origin\" allowfullscreen><\/iframe><\/p>\n<p>&nbsp;<\/p>\n<p><iframe loading=\"lazy\" title=\"ashtanga yoga with ajay tokas (full sequence)\" width=\"640\" height=\"360\" src=\"https:\/\/www.youtube.com\/embed\/_BuCbhg_feE?feature=oembed\" frameborder=\"0\" allow=\"accelerometer; autoplay; clipboard-write; encrypted-media; gyroscope; picture-in-picture; web-share\" referrerpolicy=\"strict-origin-when-cross-origin\" allowfullscreen><\/iframe><\/p>\n<p>&nbsp;<\/p>\n<p><iframe loading=\"lazy\" title=\"YogaVlog39: QUE ES EL ASHTANGA YOGA\" width=\"640\" height=\"360\" src=\"https:\/\/www.youtube.com\/embed\/iswPvlCSyhA?feature=oembed\" frameborder=\"0\" allow=\"accelerometer; autoplay; clipboard-write; encrypted-media; gyroscope; picture-in-picture; web-share\" referrerpolicy=\"strict-origin-when-cross-origin\" allowfullscreen><\/iframe><\/p>\n<p>&nbsp;<\/p>\n<p><iframe loading=\"lazy\" title=\"Full Primary Series Ashtanga Yoga\/ Primera Serie Completa de Ashtanga Yoga en Espa\u00f1ol\" width=\"640\" height=\"360\" src=\"https:\/\/www.youtube.com\/embed\/GWeio9YVg7c?feature=oembed\" frameborder=\"0\" allow=\"accelerometer; autoplay; clipboard-write; encrypted-media; gyroscope; picture-in-picture; web-share\" referrerpolicy=\"strict-origin-when-cross-origin\" allowfullscreen><\/iframe><\/p>\n<p>&nbsp;<\/p>\n<p><iframe loading=\"lazy\" title=\"Primera serie de Ashtanga | Clase con Aline Lavalle\" width=\"640\" height=\"360\" src=\"https:\/\/www.youtube.com\/embed\/C1uZPdKblAw?feature=oembed\" frameborder=\"0\" allow=\"accelerometer; autoplay; clipboard-write; encrypted-media; gyroscope; picture-in-picture; web-share\" referrerpolicy=\"strict-origin-when-cross-origin\" allowfullscreen><\/iframe><\/p>\n<p>&nbsp;<\/p>\n<p><iframe loading=\"lazy\" title=\"Ashtanga Yoga - Practica guiada serie primaria &amp; mitad serie intermedia (con variaciones)\" width=\"640\" height=\"360\" src=\"https:\/\/www.youtube.com\/embed\/UE4fDTZaMSM?feature=oembed\" frameborder=\"0\" allow=\"accelerometer; autoplay; clipboard-write; encrypted-media; gyroscope; picture-in-picture; web-share\" referrerpolicy=\"strict-origin-when-cross-origin\" allowfullscreen><\/iframe><\/p>\n<p>&nbsp;<\/p>\n<p><iframe loading=\"lazy\" title=\"1 1\/2 Hour Ashtanga Yoga Primary Series with Jessica Kass and Fightmaster Yoga Videos\" width=\"640\" height=\"360\" src=\"https:\/\/www.youtube.com\/embed\/qJzfZ6w0s4g?feature=oembed\" frameborder=\"0\" allow=\"accelerometer; autoplay; clipboard-write; encrypted-media; gyroscope; picture-in-picture; web-share\" referrerpolicy=\"strict-origin-when-cross-origin\" allowfullscreen><\/iframe><\/p>\n<p>&nbsp;<\/p>\n<p><iframe loading=\"lazy\" title=\"Ashtanga Fundamentals | 20 minutes class | Laruga Glaser\" width=\"640\" height=\"360\" src=\"https:\/\/www.youtube.com\/embed\/ehNvZ1tKRI0?feature=oembed\" frameborder=\"0\" allow=\"accelerometer; autoplay; clipboard-write; encrypted-media; gyroscope; picture-in-picture; web-share\" referrerpolicy=\"strict-origin-when-cross-origin\" allowfullscreen><\/iframe><\/p>\n<p>&nbsp;<\/p>\n<h4>P\u00e1ginas\u00a0 <a href=\"https:\/\/globalsolidarity.live\/wikiyoga\/asthanga-yoga-1\/\" target=\"_blank\" rel=\"noopener noreferrer\">1<\/a> &#8211; <a href=\"https:\/\/globalsolidarity.live\/wikiyoga\/asthanga-yoga-2\/\" target=\"_blank\" rel=\"noopener noreferrer\">2<\/a> &#8211; <a href=\"https:\/\/globalsolidarity.live\/wikiyoga\/asthanga-yoga-3\/\" target=\"_blank\" rel=\"noopener noreferrer\">3<\/a><\/h4>\n<p>&nbsp;<\/p>\n<p>&nbsp;<\/p>\n","protected":false},"excerpt":{"rendered":"<p>&nbsp; &nbsp; &nbsp; &nbsp; &nbsp; &nbsp; &nbsp; &nbsp; &nbsp; https:\/\/www.youtube.com\/watch?v=y0m97N4v2eY &nbsp; https:\/\/www.youtube.com\/watch?v=0ARdPObqhzc &nbsp; &nbsp; &nbsp; &nbsp; &nbsp; &nbsp;<\/p>\n","protected":false},"author":1,"featured_media":0,"parent":0,"menu_order":0,"comment_status":"closed","ping_status":"closed","template":"","meta":{"footnotes":""},"class_list":["post-4578","page","type-page","status-publish","hentry"],"_links":{"self":[{"href":"https:\/\/globalsolidarity.live\/wikiyoga\/wp-json\/wp\/v2\/pages\/4578","targetHints":{"allow":["GET"]}}],"collection":[{"href":"https:\/\/globalsolidarity.live\/wikiyoga\/wp-json\/wp\/v2\/pages"}],"about":[{"href":"https:\/\/globalsolidarity.live\/wikiyoga\/wp-json\/wp\/v2\/types\/page"}],"author":[{"embeddable":true,"href":"https:\/\/globalsolidarity.live\/wikiyoga\/wp-json\/wp\/v2\/users\/1"}],"replies":[{"embeddable":true,"href":"https:\/\/globalsolidarity.live\/wikiyoga\/wp-json\/wp\/v2\/comments?post=4578"}],"version-history":[{"count":3,"href":"https:\/\/globalsolidarity.live\/wikiyoga\/wp-json\/wp\/v2\/pages\/4578\/revisions"}],"predecessor-version":[{"id":4585,"href":"https:\/\/globalsolidarity.live\/wikiyoga\/wp-json\/wp\/v2\/pages\/4578\/revisions\/4585"}],"wp:attachment":[{"href":"https:\/\/globalsolidarity.live\/wikiyoga\/wp-json\/wp\/v2\/media?parent=4578"}],"curies":[{"name":"wp","href":"https:\/\/api.w.org\/{rel}","templated":true}]}}