{"id":4617,"date":"2021-05-28T22:09:52","date_gmt":"2021-05-28T22:09:52","guid":{"rendered":"https:\/\/globalsolidarity.live\/wikiyoga\/?page_id=4617"},"modified":"2021-05-28T22:19:48","modified_gmt":"2021-05-28T22:19:48","slug":"hatha-yoga-1","status":"publish","type":"page","link":"https:\/\/globalsolidarity.live\/wikiyoga\/hatha-yoga-1\/","title":{"rendered":"Hatha Yoga &#8211; 1"},"content":{"rendered":"<p><iframe loading=\"lazy\" title=\"Hatha Yoga para principiantes\" width=\"640\" height=\"360\" src=\"https:\/\/www.youtube.com\/embed\/vd1j1nqHhuY?start=93&#038;feature=oembed\" frameborder=\"0\" allow=\"accelerometer; autoplay; clipboard-write; encrypted-media; gyroscope; picture-in-picture; web-share\" referrerpolicy=\"strict-origin-when-cross-origin\" allowfullscreen><\/iframe><\/p>\n<p>&nbsp;<\/p>\n<p><iframe loading=\"lazy\" title=\"Hatha Yoga - Clase completa de 45 minutos\" width=\"640\" height=\"360\" src=\"https:\/\/www.youtube.com\/embed\/4Xcg6vKb4pA?start=21&#038;feature=oembed\" frameborder=\"0\" allow=\"accelerometer; autoplay; clipboard-write; encrypted-media; gyroscope; picture-in-picture; web-share\" referrerpolicy=\"strict-origin-when-cross-origin\" allowfullscreen><\/iframe><\/p>\n<p>&nbsp;<\/p>\n<p><iframe loading=\"lazy\" title=\"Hatha Yoga en el suelo para principiantes con Xuan Lan\" width=\"640\" height=\"360\" src=\"https:\/\/www.youtube.com\/embed\/ulwDbhyflao?feature=oembed\" frameborder=\"0\" allow=\"accelerometer; autoplay; clipboard-write; encrypted-media; gyroscope; picture-in-picture; web-share\" referrerpolicy=\"strict-origin-when-cross-origin\" allowfullscreen><\/iframe><\/p>\n<p>&nbsp;<\/p>\n<p><iframe loading=\"lazy\" title=\"Clase de yoga: Hatha Yoga para la espalda (20 minutos)\" width=\"640\" height=\"360\" src=\"https:\/\/www.youtube.com\/embed\/bXHhWo1kMI0?start=539&#038;feature=oembed\" frameborder=\"0\" allow=\"accelerometer; autoplay; clipboard-write; encrypted-media; gyroscope; picture-in-picture; web-share\" referrerpolicy=\"strict-origin-when-cross-origin\" allowfullscreen><\/iframe><\/p>\n<p>&nbsp;<\/p>\n<p><iframe loading=\"lazy\" title=\"HATHA YOGA para la recuperaci\u00f3n deportistas (40 minutos)\" width=\"640\" height=\"360\" src=\"https:\/\/www.youtube.com\/embed\/I_RTM84fI0w?start=25&#038;feature=oembed\" frameborder=\"0\" allow=\"accelerometer; autoplay; clipboard-write; encrypted-media; gyroscope; picture-in-picture; web-share\" referrerpolicy=\"strict-origin-when-cross-origin\" allowfullscreen><\/iframe><\/p>\n<p>&nbsp;<\/p>\n<p><iframe loading=\"lazy\" title=\"CLASE HATHA YOGA NIVEL INTERMEDIO 2\" width=\"640\" height=\"360\" src=\"https:\/\/www.youtube.com\/embed\/Q3H4kSEycvc?feature=oembed\" frameborder=\"0\" allow=\"accelerometer; autoplay; clipboard-write; encrypted-media; gyroscope; picture-in-picture; web-share\" referrerpolicy=\"strict-origin-when-cross-origin\" allowfullscreen><\/iframe><\/p>\n<p>&nbsp;<\/p>\n<p><iframe loading=\"lazy\" title=\"Clase de Hatha con Jazmin de yogaenlinea.com\" width=\"640\" height=\"360\" src=\"https:\/\/www.youtube.com\/embed\/TekC6F3vCIU?start=9&#038;feature=oembed\" frameborder=\"0\" allow=\"accelerometer; autoplay; clipboard-write; encrypted-media; gyroscope; picture-in-picture; web-share\" referrerpolicy=\"strict-origin-when-cross-origin\" allowfullscreen><\/iframe><\/p>\n<p>&nbsp;<\/p>\n<p><iframe loading=\"lazy\" title=\"Clase de yoga completa para principiantes | 40 min | Yoga con Jerry F\u00e9lix\" width=\"640\" height=\"360\" src=\"https:\/\/www.youtube.com\/embed\/jZd5rt3lNVM?feature=oembed\" frameborder=\"0\" allow=\"accelerometer; autoplay; clipboard-write; encrypted-media; gyroscope; picture-in-picture; web-share\" referrerpolicy=\"strict-origin-when-cross-origin\" allowfullscreen><\/iframe><\/p>\n<p>&nbsp;<\/p>\n<p><iframe loading=\"lazy\" title=\"HATHA YOGA LEVEL 1\" width=\"640\" height=\"480\" src=\"https:\/\/www.youtube.com\/embed\/6pfzj96VVVM?feature=oembed\" frameborder=\"0\" allow=\"accelerometer; autoplay; clipboard-write; encrypted-media; gyroscope; picture-in-picture; web-share\" referrerpolicy=\"strict-origin-when-cross-origin\" allowfullscreen><\/iframe><\/p>\n<p>&nbsp;<\/p>\n<p><iframe loading=\"lazy\" title=\"Hatha Yoga \u00bfQu\u00e9 es y c\u00f3mo nos beneficia la pr\u00e1ctica?\" width=\"640\" height=\"480\" src=\"https:\/\/www.youtube.com\/embed\/Is-6wlHzxPg?feature=oembed\" frameborder=\"0\" allow=\"accelerometer; autoplay; clipboard-write; encrypted-media; gyroscope; picture-in-picture; web-share\" referrerpolicy=\"strict-origin-when-cross-origin\" allowfullscreen><\/iframe><\/p>\n<p>&nbsp;<\/p>\n<p><iframe loading=\"lazy\" title=\"Yoga, clase completa en espa\u00f1ol- \u00c1nclate a la tierra y crece\" width=\"640\" height=\"360\" src=\"https:\/\/www.youtube.com\/embed\/ydORW-IH0EY?start=29&#038;feature=oembed\" frameborder=\"0\" allow=\"accelerometer; autoplay; clipboard-write; encrypted-media; gyroscope; picture-in-picture; web-share\" referrerpolicy=\"strict-origin-when-cross-origin\" allowfullscreen><\/iframe><\/p>\n<p>&nbsp;<\/p>\n<p><iframe loading=\"lazy\" title=\"Yoga para principiantes completo espa\u00f1ol 49 min excelente!!!\" width=\"640\" height=\"480\" src=\"https:\/\/www.youtube.com\/embed\/V208MhatQik?feature=oembed\" frameborder=\"0\" allow=\"accelerometer; autoplay; clipboard-write; encrypted-media; gyroscope; picture-in-picture; web-share\" referrerpolicy=\"strict-origin-when-cross-origin\" allowfullscreen><\/iframe><\/p>\n<p>&nbsp;<\/p>\n<p><iframe loading=\"lazy\" title=\"Yoga en casa en directo | Yoga para Principiantes (30\/03\/20)\" width=\"640\" height=\"360\" src=\"https:\/\/www.youtube.com\/embed\/pJVLK3tGOMs?feature=oembed\" frameborder=\"0\" allow=\"accelerometer; autoplay; clipboard-write; encrypted-media; gyroscope; picture-in-picture; web-share\" referrerpolicy=\"strict-origin-when-cross-origin\" allowfullscreen><\/iframe><\/p>\n<p>&nbsp;<\/p>\n<p><iframe loading=\"lazy\" title=\"Clase de yoga: Hatha Yoga din\u00e1mico para el core (15 minutos)\" width=\"640\" height=\"360\" src=\"https:\/\/www.youtube.com\/embed\/HVVXdnFbwro?feature=oembed\" frameborder=\"0\" allow=\"accelerometer; autoplay; clipboard-write; encrypted-media; gyroscope; picture-in-picture; web-share\" referrerpolicy=\"strict-origin-when-cross-origin\" allowfullscreen><\/iframe><\/p>\n<p>&nbsp;<\/p>\n<p>https:\/\/www.youtube.com\/watch?v=p24ZDsPdRkI<\/p>\n<p>&nbsp;<\/p>\n<p><iframe loading=\"lazy\" title=\"Yoga a la Carta | Hatha Yoga 2: Posturas de Pie\" width=\"640\" height=\"360\" src=\"https:\/\/www.youtube.com\/embed\/2p2Gib8UXs4?feature=oembed\" frameborder=\"0\" allow=\"accelerometer; autoplay; clipboard-write; encrypted-media; gyroscope; picture-in-picture; web-share\" referrerpolicy=\"strict-origin-when-cross-origin\" allowfullscreen><\/iframe><\/p>\n<p>&nbsp;<\/p>\n<p><iframe loading=\"lazy\" title=\"CLASE COMPLETA HATHA Y YOGA DINAMICO PARA FORTALECER LA ESPALDA\" width=\"640\" height=\"360\" src=\"https:\/\/www.youtube.com\/embed\/brTlzFhZZNc?feature=oembed\" frameborder=\"0\" allow=\"accelerometer; autoplay; clipboard-write; encrypted-media; gyroscope; picture-in-picture; web-share\" referrerpolicy=\"strict-origin-when-cross-origin\" allowfullscreen><\/iframe><\/p>\n<p>&nbsp;<\/p>\n<p><iframe loading=\"lazy\" title=\"Hatha con Jazmin de Sthira Yoga en yogaenlinea.com\" width=\"640\" height=\"360\" src=\"https:\/\/www.youtube.com\/embed\/2GDFabbQ3lY?feature=oembed\" frameborder=\"0\" allow=\"accelerometer; autoplay; clipboard-write; encrypted-media; gyroscope; picture-in-picture; web-share\" referrerpolicy=\"strict-origin-when-cross-origin\" allowfullscreen><\/iframe><\/p>\n<p>&nbsp;<\/p>\n<p><iframe loading=\"lazy\" title=\"Yoga a la Carta | Hatha Yoga 1: Inicio de la Clase\" width=\"640\" height=\"360\" src=\"https:\/\/www.youtube.com\/embed\/ELtAjrS9VfA?start=27&#038;feature=oembed\" frameborder=\"0\" allow=\"accelerometer; autoplay; clipboard-write; encrypted-media; gyroscope; picture-in-picture; web-share\" referrerpolicy=\"strict-origin-when-cross-origin\" allowfullscreen><\/iframe><\/p>\n<p>&nbsp;<\/p>\n<p><iframe loading=\"lazy\" title=\"HATHA YOGA INTEGRAL Mar\u00eda Luisa Londo\u00f1o - Nivel: B\u00e1sico - Duraci\u00f3n: 1h 13 min.\" width=\"640\" height=\"360\" src=\"https:\/\/www.youtube.com\/embed\/X_r18lDf2MY?start=22&#038;feature=oembed\" frameborder=\"0\" allow=\"accelerometer; autoplay; clipboard-write; encrypted-media; gyroscope; picture-in-picture; web-share\" referrerpolicy=\"strict-origin-when-cross-origin\" allowfullscreen><\/iframe><\/p>\n<p>&nbsp;<\/p>\n<p><iframe loading=\"lazy\" title=\"Hatha Yoga (Makes You Feel So Good) 45 Minute Flow\" width=\"640\" height=\"360\" src=\"https:\/\/www.youtube.com\/embed\/bkbtXQrUl_w?feature=oembed\" frameborder=\"0\" allow=\"accelerometer; autoplay; clipboard-write; encrypted-media; gyroscope; picture-in-picture; web-share\" referrerpolicy=\"strict-origin-when-cross-origin\" allowfullscreen><\/iframe><\/p>\n<p>&nbsp;<\/p>\n<p><iframe loading=\"lazy\" title=\"Advanced Traditional Hatha Yoga with Babu Raj. Flexibility &amp; Strength from the Himalayas, India\" width=\"640\" height=\"360\" src=\"https:\/\/www.youtube.com\/embed\/_ckvBL-erGU?feature=oembed\" frameborder=\"0\" allow=\"accelerometer; autoplay; clipboard-write; encrypted-media; gyroscope; picture-in-picture; web-share\" referrerpolicy=\"strict-origin-when-cross-origin\" allowfullscreen><\/iframe><\/p>\n<p>&nbsp;<\/p>\n<p><iframe loading=\"lazy\" title=\"HATHA YOGA INTEGRAL - Mar\u00eda Luisa Londo\u00f1o Nivel: Intermedio - Duraci\u00f3n: 1h 20 min.\" width=\"640\" height=\"360\" src=\"https:\/\/www.youtube.com\/embed\/GikVprjNUEk?feature=oembed\" frameborder=\"0\" allow=\"accelerometer; autoplay; clipboard-write; encrypted-media; gyroscope; picture-in-picture; web-share\" referrerpolicy=\"strict-origin-when-cross-origin\" allowfullscreen><\/iframe><\/p>\n<p>&nbsp;<\/p>\n<p><iframe loading=\"lazy\" title=\"1 hour Hatha Yoga (full class) | Fightmaster Yoga Videos\" width=\"640\" height=\"360\" src=\"https:\/\/www.youtube.com\/embed\/Oxo229b9vjw?feature=oembed\" frameborder=\"0\" allow=\"accelerometer; autoplay; clipboard-write; encrypted-media; gyroscope; picture-in-picture; web-share\" referrerpolicy=\"strict-origin-when-cross-origin\" allowfullscreen><\/iframe><\/p>\n<p>&nbsp;<\/p>\n<p><iframe loading=\"lazy\" title=\"YOGA SANO PARA LA COLUMNA VERTEBRAL. SESION COMPLETA\" width=\"640\" height=\"480\" src=\"https:\/\/www.youtube.com\/embed\/HTPA0bZOpig?feature=oembed\" frameborder=\"0\" allow=\"accelerometer; autoplay; clipboard-write; encrypted-media; gyroscope; picture-in-picture; web-share\" referrerpolicy=\"strict-origin-when-cross-origin\" allowfullscreen><\/iframe><\/p>\n<p>&nbsp;<\/p>\n<p><iframe loading=\"lazy\" title=\"Yoga en casa en directo | Yoga para Principiantes (06\/04\/20)\" width=\"640\" height=\"360\" src=\"https:\/\/www.youtube.com\/embed\/VcAU8Loo9ts?feature=oembed\" frameborder=\"0\" allow=\"accelerometer; autoplay; clipboard-write; encrypted-media; gyroscope; picture-in-picture; web-share\" referrerpolicy=\"strict-origin-when-cross-origin\" allowfullscreen><\/iframe><\/p>\n<p>&nbsp;<\/p>\n<p><iframe loading=\"lazy\" title=\"Clase de Yoga: Hatha Flow yoga, despertar el cuerpo (10 minutos)\" width=\"640\" height=\"360\" src=\"https:\/\/www.youtube.com\/embed\/hCS97KUo4Q4?start=21&#038;feature=oembed\" frameborder=\"0\" allow=\"accelerometer; autoplay; clipboard-write; encrypted-media; gyroscope; picture-in-picture; web-share\" referrerpolicy=\"strict-origin-when-cross-origin\" allowfullscreen><\/iframe><\/p>\n<p>&nbsp;<\/p>\n<p><iframe loading=\"lazy\" title=\"Beautiful Beginner Yoga  \u2665 Hatha Class For Everyone  | Tofino\" width=\"640\" height=\"360\" src=\"https:\/\/www.youtube.com\/embed\/Zcn2vT73jsI?feature=oembed\" frameborder=\"0\" allow=\"accelerometer; autoplay; clipboard-write; encrypted-media; gyroscope; picture-in-picture; web-share\" referrerpolicy=\"strict-origin-when-cross-origin\" allowfullscreen><\/iframe><\/p>\n<p>&nbsp;<\/p>\n<h4>P\u00e1ginas\u00a0<a href=\"https:\/\/globalsolidarity.live\/wikiyoga\/hatha-yoga-1\/\" target=\"_blank\" rel=\"noopener noreferrer\">1<\/a> &#8211;\u00a0<a href=\"https:\/\/globalsolidarity.live\/wikiyoga\/hatha-yoga-2\/\" target=\"_blank\" rel=\"noopener noreferrer\">2 <\/a>&#8211;\u00a0<a href=\"https:\/\/globalsolidarity.live\/wikiyoga\/hatha-yoga-3\/\" target=\"_blank\" rel=\"noopener noreferrer\">3<\/a><\/h4>\n","protected":false},"excerpt":{"rendered":"<p>&nbsp; &nbsp; &nbsp; &nbsp; &nbsp; &nbsp; &nbsp; &nbsp; &nbsp; &nbsp; &nbsp; &nbsp; &nbsp; &nbsp; https:\/\/www.youtube.com\/watch?v=p24ZDsPdRkI &nbsp; &nbsp; &nbsp;<\/p>\n","protected":false},"author":1,"featured_media":0,"parent":0,"menu_order":0,"comment_status":"closed","ping_status":"closed","template":"","meta":{"footnotes":""},"class_list":["post-4617","page","type-page","status-publish","hentry"],"_links":{"self":[{"href":"https:\/\/globalsolidarity.live\/wikiyoga\/wp-json\/wp\/v2\/pages\/4617","targetHints":{"allow":["GET"]}}],"collection":[{"href":"https:\/\/globalsolidarity.live\/wikiyoga\/wp-json\/wp\/v2\/pages"}],"about":[{"href":"https:\/\/globalsolidarity.live\/wikiyoga\/wp-json\/wp\/v2\/types\/page"}],"author":[{"embeddable":true,"href":"https:\/\/globalsolidarity.live\/wikiyoga\/wp-json\/wp\/v2\/users\/1"}],"replies":[{"embeddable":true,"href":"https:\/\/globalsolidarity.live\/wikiyoga\/wp-json\/wp\/v2\/comments?post=4617"}],"version-history":[{"count":3,"href":"https:\/\/globalsolidarity.live\/wikiyoga\/wp-json\/wp\/v2\/pages\/4617\/revisions"}],"predecessor-version":[{"id":4624,"href":"https:\/\/globalsolidarity.live\/wikiyoga\/wp-json\/wp\/v2\/pages\/4617\/revisions\/4624"}],"wp:attachment":[{"href":"https:\/\/globalsolidarity.live\/wikiyoga\/wp-json\/wp\/v2\/media?parent=4617"}],"curies":[{"name":"wp","href":"https:\/\/api.w.org\/{rel}","templated":true}]}}