{"id":4630,"date":"2021-05-28T22:24:45","date_gmt":"2021-05-28T22:24:45","guid":{"rendered":"https:\/\/globalsolidarity.live\/wikiyoga\/?page_id=4630"},"modified":"2021-05-28T22:32:17","modified_gmt":"2021-05-28T22:32:17","slug":"iyengar-yoga-1","status":"publish","type":"page","link":"https:\/\/globalsolidarity.live\/wikiyoga\/iyengar-yoga-1\/","title":{"rendered":"Iyengar Yoga &#8211; 1"},"content":{"rendered":"<p>https:\/\/www.youtube.com\/watch?v=AOmVulyjue4<\/p>\n<p>&nbsp;<\/p>\n<p>https:\/\/www.youtube.com\/watch?v=B8X1oNq5WMk<\/p>\n<p>&nbsp;<\/p>\n<p><iframe loading=\"lazy\" title=\"Clase de Yoga Iyengar con Maria Jos\u00e9 Prieto | #CuarentenaEnVivo\" width=\"640\" height=\"360\" src=\"https:\/\/www.youtube.com\/embed\/KljFkIKbIOg?feature=oembed\" frameborder=\"0\" allow=\"accelerometer; autoplay; clipboard-write; encrypted-media; gyroscope; picture-in-picture; web-share\" referrerpolicy=\"strict-origin-when-cross-origin\" allowfullscreen><\/iframe><\/p>\n<p>&nbsp;<\/p>\n<p><iframe loading=\"lazy\" title=\"Yoga Iyengar En Espanol con Yogarosa (Rosa Santana)\" width=\"640\" height=\"360\" src=\"https:\/\/www.youtube.com\/embed\/SfDNrvYUGxY?feature=oembed\" frameborder=\"0\" allow=\"accelerometer; autoplay; clipboard-write; encrypted-media; gyroscope; picture-in-picture; web-share\" referrerpolicy=\"strict-origin-when-cross-origin\" allowfullscreen><\/iframe><\/p>\n<p>&nbsp;<\/p>\n<p><iframe loading=\"lazy\" title=\"Qu\u00e9 es el Yoga Iyengar\" width=\"640\" height=\"480\" src=\"https:\/\/www.youtube.com\/embed\/d6nx8DDmrto?feature=oembed\" frameborder=\"0\" allow=\"accelerometer; autoplay; clipboard-write; encrypted-media; gyroscope; picture-in-picture; web-share\" referrerpolicy=\"strict-origin-when-cross-origin\" allowfullscreen><\/iframe><\/p>\n<p>&nbsp;<\/p>\n<p><iframe loading=\"lazy\" title=\"Clase de Yoga Iyengar de media hora para principiantes.\" width=\"640\" height=\"360\" src=\"https:\/\/www.youtube.com\/embed\/D4n55yXMsEw?feature=oembed\" frameborder=\"0\" allow=\"accelerometer; autoplay; clipboard-write; encrypted-media; gyroscope; picture-in-picture; web-share\" referrerpolicy=\"strict-origin-when-cross-origin\" allowfullscreen><\/iframe><\/p>\n<p>&nbsp;<\/p>\n<p><iframe loading=\"lazy\" title=\"&quot;C\u00f3mo llegaste al Yoga?&quot; Entrevista B. K. S. Iyengar 1. Espa\u00f1ol\" width=\"640\" height=\"360\" src=\"https:\/\/www.youtube.com\/embed\/S3EJGzmivyk?feature=oembed\" frameborder=\"0\" allow=\"accelerometer; autoplay; clipboard-write; encrypted-media; gyroscope; picture-in-picture; web-share\" referrerpolicy=\"strict-origin-when-cross-origin\" allowfullscreen><\/iframe><\/p>\n<p>&nbsp;<\/p>\n<p>https:\/\/www.youtube.com\/watch?v=dCZ74k6PPFo<\/p>\n<p>&nbsp;<\/p>\n<p>https:\/\/www.youtube.com\/watch?v=nVbK8tRiaqE<\/p>\n<p>&nbsp;<\/p>\n<p><iframe loading=\"lazy\" title=\"ESPN - Especial de Yoga Iyengar\" width=\"640\" height=\"360\" src=\"https:\/\/www.youtube.com\/embed\/jakrJBPCywY?feature=oembed\" frameborder=\"0\" allow=\"accelerometer; autoplay; clipboard-write; encrypted-media; gyroscope; picture-in-picture; web-share\" referrerpolicy=\"strict-origin-when-cross-origin\" allowfullscreen><\/iframe><\/p>\n<p>&nbsp;<\/p>\n<p><iframe loading=\"lazy\" title=\"30 minutes practice of Iyengar Yoga for beginners to intermediates\" width=\"640\" height=\"360\" src=\"https:\/\/www.youtube.com\/embed\/5KrDlrmsRrU?feature=oembed\" frameborder=\"0\" allow=\"accelerometer; autoplay; clipboard-write; encrypted-media; gyroscope; picture-in-picture; web-share\" referrerpolicy=\"strict-origin-when-cross-origin\" allowfullscreen><\/iframe><\/p>\n<p>&nbsp;<\/p>\n<p>https:\/\/www.youtube.com\/watch?v=Y52ZKLSKoqo<\/p>\n<p>&nbsp;<\/p>\n<p><iframe loading=\"lazy\" title=\"Clase Yoga Iyengar Principiantes: Posturas de pie 30 minutos\" width=\"640\" height=\"360\" src=\"https:\/\/www.youtube.com\/embed\/SYtQ7-eItEQ?feature=oembed\" frameborder=\"0\" allow=\"accelerometer; autoplay; clipboard-write; encrypted-media; gyroscope; picture-in-picture; web-share\" referrerpolicy=\"strict-origin-when-cross-origin\" allowfullscreen><\/iframe><\/p>\n<p>&nbsp;<\/p>\n<p><iframe loading=\"lazy\" title=\"1ra CONVENCI\u00d3N ARGENTINA DE YOGA IYENGAR. CHARLA DE ABHIJATA IYENGAR, Bs.As.,12 de mayo de 2019. 1\/3\" width=\"640\" height=\"360\" src=\"https:\/\/www.youtube.com\/embed\/yCsbcohyY9U?feature=oembed\" frameborder=\"0\" allow=\"accelerometer; autoplay; clipboard-write; encrypted-media; gyroscope; picture-in-picture; web-share\" referrerpolicy=\"strict-origin-when-cross-origin\" allowfullscreen><\/iframe><\/p>\n<p>&nbsp;<\/p>\n<p><iframe loading=\"lazy\" title=\"Yoga Iyengar con Andrea Mu\u00f1oz\" width=\"640\" height=\"360\" src=\"https:\/\/www.youtube.com\/embed\/KdpSUEIi8fI?feature=oembed\" frameborder=\"0\" allow=\"accelerometer; autoplay; clipboard-write; encrypted-media; gyroscope; picture-in-picture; web-share\" referrerpolicy=\"strict-origin-when-cross-origin\" allowfullscreen><\/iframe><\/p>\n<p>&nbsp;<\/p>\n<p><iframe loading=\"lazy\" title=\"Lecci\u00f3n 1: educaci\u00f3n online en la tradici\u00f3n de Yogacharya BKS Iyengar por Prashant Iyengar (ESPA\u00d1OL)\" width=\"640\" height=\"360\" src=\"https:\/\/www.youtube.com\/embed\/wEH9UKDGpgg?feature=oembed\" frameborder=\"0\" allow=\"accelerometer; autoplay; clipboard-write; encrypted-media; gyroscope; picture-in-picture; web-share\" referrerpolicy=\"strict-origin-when-cross-origin\" allowfullscreen><\/iframe><\/p>\n<p>&nbsp;<\/p>\n<p><iframe loading=\"lazy\" title=\"Iyengar Documental Completo\" width=\"640\" height=\"480\" src=\"https:\/\/www.youtube.com\/embed\/XAFhoq-GXfA?feature=oembed\" frameborder=\"0\" allow=\"accelerometer; autoplay; clipboard-write; encrypted-media; gyroscope; picture-in-picture; web-share\" referrerpolicy=\"strict-origin-when-cross-origin\" allowfullscreen><\/iframe><\/p>\n<p>&nbsp;<\/p>\n<p>https:\/\/www.youtube.com\/watch?v=NGXv4xR0LqQ<\/p>\n<p>&nbsp;<\/p>\n<p><iframe loading=\"lazy\" title=\"IYENGAR YOGA \u00a1EL YOGA PARA TODOS! - principiantes en espa\u00f1ol\" width=\"640\" height=\"360\" src=\"https:\/\/www.youtube.com\/embed\/-IDDBo9orJ4?feature=oembed\" frameborder=\"0\" allow=\"accelerometer; autoplay; clipboard-write; encrypted-media; gyroscope; picture-in-picture; web-share\" referrerpolicy=\"strict-origin-when-cross-origin\" allowfullscreen><\/iframe><\/p>\n<p>&nbsp;<\/p>\n<p>https:\/\/www.youtube.com\/watch?v=V7PGa19qM-E<\/p>\n<p>&nbsp;<\/p>\n<p>https:\/\/www.youtube.com\/watch?v=6IlO-aLzAYI<\/p>\n<p>&nbsp;<\/p>\n<p><iframe loading=\"lazy\" title=\"Yoga Iyengar  \u00bfQue es?\" width=\"640\" height=\"360\" src=\"https:\/\/www.youtube.com\/embed\/bMF5tJfXSo8?feature=oembed\" frameborder=\"0\" allow=\"accelerometer; autoplay; clipboard-write; encrypted-media; gyroscope; picture-in-picture; web-share\" referrerpolicy=\"strict-origin-when-cross-origin\" allowfullscreen><\/iframe><\/p>\n<p>&nbsp;<\/p>\n<p><iframe loading=\"lazy\" title=\"BKS Iyengar in 1977\" width=\"640\" height=\"480\" src=\"https:\/\/www.youtube.com\/embed\/8pIgs03TYo4?feature=oembed\" frameborder=\"0\" allow=\"accelerometer; autoplay; clipboard-write; encrypted-media; gyroscope; picture-in-picture; web-share\" referrerpolicy=\"strict-origin-when-cross-origin\" allowfullscreen><\/iframe><\/p>\n<p>&nbsp;<\/p>\n<p><iframe loading=\"lazy\" title=\"Krishnamacharya&#039;s &amp; B.K.S. Iyengar Yoga in 1938\" width=\"640\" height=\"360\" src=\"https:\/\/www.youtube.com\/embed\/EcQI5BZ3Xys?feature=oembed\" frameborder=\"0\" allow=\"accelerometer; autoplay; clipboard-write; encrypted-media; gyroscope; picture-in-picture; web-share\" referrerpolicy=\"strict-origin-when-cross-origin\" allowfullscreen><\/iframe><\/p>\n<p>&nbsp;<\/p>\n<p><iframe loading=\"lazy\" title=\"BKS Iyengar y el Dalai Lama - Caminos hacia la Felicidad\" width=\"640\" height=\"480\" src=\"https:\/\/www.youtube.com\/embed\/jj5ySebfgNk?feature=oembed\" frameborder=\"0\" allow=\"accelerometer; autoplay; clipboard-write; encrypted-media; gyroscope; picture-in-picture; web-share\" referrerpolicy=\"strict-origin-when-cross-origin\" allowfullscreen><\/iframe><\/p>\n<p>&nbsp;<\/p>\n<p><iframe loading=\"lazy\" title=\"B.K.S. Iyengar - Clase avanzada con el maestro de Yoga Iyengar\" width=\"640\" height=\"480\" src=\"https:\/\/www.youtube.com\/embed\/tEGNopPpqTo?feature=oembed\" frameborder=\"0\" allow=\"accelerometer; autoplay; clipboard-write; encrypted-media; gyroscope; picture-in-picture; web-share\" referrerpolicy=\"strict-origin-when-cross-origin\" allowfullscreen><\/iframe><\/p>\n<p>&nbsp;<\/p>\n<p><iframe loading=\"lazy\" title=\"Iyengar Yoga El documental. Jawahar Bangera, Peggy Kelley y Eduardo Mata.\" width=\"640\" height=\"480\" src=\"https:\/\/www.youtube.com\/embed\/MFv1sJSsPIY?feature=oembed\" frameborder=\"0\" allow=\"accelerometer; autoplay; clipboard-write; encrypted-media; gyroscope; picture-in-picture; web-share\" referrerpolicy=\"strict-origin-when-cross-origin\" allowfullscreen><\/iframe><\/p>\n<p>&nbsp;<\/p>\n<p><iframe loading=\"lazy\" title=\"Clase Yoga Iyengar Principiantes: Posturas de pie 30 minutos\" width=\"640\" height=\"360\" src=\"https:\/\/www.youtube.com\/embed\/SYtQ7-eItEQ?feature=oembed\" frameborder=\"0\" allow=\"accelerometer; autoplay; clipboard-write; encrypted-media; gyroscope; picture-in-picture; web-share\" referrerpolicy=\"strict-origin-when-cross-origin\" allowfullscreen><\/iframe><\/p>\n<p>&nbsp;<\/p>\n<p><iframe loading=\"lazy\" title=\"BKS Iyengar - Barbican Demonstration 1984\" width=\"640\" height=\"480\" src=\"https:\/\/www.youtube.com\/embed\/PkX_cPuS92c?feature=oembed\" frameborder=\"0\" allow=\"accelerometer; autoplay; clipboard-write; encrypted-media; gyroscope; picture-in-picture; web-share\" referrerpolicy=\"strict-origin-when-cross-origin\" allowfullscreen><\/iframe><\/p>\n<p>&nbsp;<\/p>\n<h4>P\u00e1ginas\u00a0<a href=\"https:\/\/globalsolidarity.live\/wikiyoga\/iyengar-yoga-1\/\" target=\"_blank\" rel=\"noopener noreferrer\">1<\/a> &#8211; <a href=\"https:\/\/globalsolidarity.live\/wikiyoga\/iyengar-yoga-2\/\" target=\"_blank\" rel=\"noopener noreferrer\">2 <\/a>&#8211; <a href=\"https:\/\/globalsolidarity.live\/wikiyoga\/iyengar-yoga-3\/\" target=\"_blank\" rel=\"noopener noreferrer\">3<\/a><\/h4>\n","protected":false},"excerpt":{"rendered":"<p>https:\/\/www.youtube.com\/watch?v=AOmVulyjue4 &nbsp; https:\/\/www.youtube.com\/watch?v=B8X1oNq5WMk &nbsp; &nbsp; &nbsp; &nbsp; &nbsp; &nbsp; https:\/\/www.youtube.com\/watch?v=dCZ74k6PPFo &nbsp; https:\/\/www.youtube.com\/watch?v=nVbK8tRiaqE &nbsp; &nbsp; &nbsp; https:\/\/www.youtube.com\/watch?v=Y52ZKLSKoqo &nbsp; &nbsp;<\/p>\n","protected":false},"author":1,"featured_media":0,"parent":0,"menu_order":0,"comment_status":"closed","ping_status":"closed","template":"","meta":{"footnotes":""},"class_list":["post-4630","page","type-page","status-publish","hentry"],"_links":{"self":[{"href":"https:\/\/globalsolidarity.live\/wikiyoga\/wp-json\/wp\/v2\/pages\/4630","targetHints":{"allow":["GET"]}}],"collection":[{"href":"https:\/\/globalsolidarity.live\/wikiyoga\/wp-json\/wp\/v2\/pages"}],"about":[{"href":"https:\/\/globalsolidarity.live\/wikiyoga\/wp-json\/wp\/v2\/types\/page"}],"author":[{"embeddable":true,"href":"https:\/\/globalsolidarity.live\/wikiyoga\/wp-json\/wp\/v2\/users\/1"}],"replies":[{"embeddable":true,"href":"https:\/\/globalsolidarity.live\/wikiyoga\/wp-json\/wp\/v2\/comments?post=4630"}],"version-history":[{"count":3,"href":"https:\/\/globalsolidarity.live\/wikiyoga\/wp-json\/wp\/v2\/pages\/4630\/revisions"}],"predecessor-version":[{"id":4638,"href":"https:\/\/globalsolidarity.live\/wikiyoga\/wp-json\/wp\/v2\/pages\/4630\/revisions\/4638"}],"wp:attachment":[{"href":"https:\/\/globalsolidarity.live\/wikiyoga\/wp-json\/wp\/v2\/media?parent=4630"}],"curies":[{"name":"wp","href":"https:\/\/api.w.org\/{rel}","templated":true}]}}