{"id":4941,"date":"2021-06-01T01:40:43","date_gmt":"2021-06-01T01:40:43","guid":{"rendered":"https:\/\/globalsolidarity.live\/wikiyoga\/?page_id=4941"},"modified":"2021-06-01T01:40:43","modified_gmt":"2021-06-01T01:40:43","slug":"pratyahara","status":"publish","type":"page","link":"https:\/\/globalsolidarity.live\/wikiyoga\/pratyahara\/","title":{"rendered":"Pratyahara"},"content":{"rendered":"<p><iframe loading=\"lazy\" title=\"Pratyahara\" width=\"640\" height=\"360\" src=\"https:\/\/www.youtube.com\/embed\/xdq5fHMedVg?feature=oembed\" frameborder=\"0\" allow=\"accelerometer; autoplay; clipboard-write; encrypted-media; gyroscope; picture-in-picture; web-share\" referrerpolicy=\"strict-origin-when-cross-origin\" allowfullscreen><\/iframe><\/p>\n<p>&nbsp;<\/p>\n<p><iframe loading=\"lazy\" title=\"Ser pleno 17 . Pratyahara\" width=\"640\" height=\"360\" src=\"https:\/\/www.youtube.com\/embed\/qT1aExHqY-U?feature=oembed\" frameborder=\"0\" allow=\"accelerometer; autoplay; clipboard-write; encrypted-media; gyroscope; picture-in-picture; web-share\" referrerpolicy=\"strict-origin-when-cross-origin\" allowfullscreen><\/iframe><\/p>\n<p>&nbsp;<\/p>\n<p>https:\/\/www.youtube.com\/watch?v=JIzgZ6TUsKg<\/p>\n<p>&nbsp;<\/p>\n<p><iframe loading=\"lazy\" title=\"&#039;&#039;Introducci\u00f3n al Pratyahara&#039;&#039; M\u00e1ximo Bl\u00e1zquez\" width=\"640\" height=\"360\" src=\"https:\/\/www.youtube.com\/embed\/dNSEL7Z-TTQ?feature=oembed\" frameborder=\"0\" allow=\"accelerometer; autoplay; clipboard-write; encrypted-media; gyroscope; picture-in-picture; web-share\" referrerpolicy=\"strict-origin-when-cross-origin\" allowfullscreen><\/iframe><\/p>\n<p>&nbsp;<\/p>\n<p><iframe loading=\"lazy\" title=\"PRATYAHARA  | Aprende a controlar tus sentidos (y no volverte loco) \ud83d\ude31\u3010#5\u3011\" width=\"640\" height=\"360\" src=\"https:\/\/www.youtube.com\/embed\/OPsoxhfGK_g?feature=oembed\" frameborder=\"0\" allow=\"accelerometer; autoplay; clipboard-write; encrypted-media; gyroscope; picture-in-picture; web-share\" referrerpolicy=\"strict-origin-when-cross-origin\" allowfullscreen><\/iframe><\/p>\n<p>&nbsp;<\/p>\n<p><iframe loading=\"lazy\" title=\"The Meaning Of Pratyahara - Sadhguru | The Contemporary Guru\" width=\"640\" height=\"360\" src=\"https:\/\/www.youtube.com\/embed\/6bi6gTUcIJE?feature=oembed\" frameborder=\"0\" allow=\"accelerometer; autoplay; clipboard-write; encrypted-media; gyroscope; picture-in-picture; web-share\" referrerpolicy=\"strict-origin-when-cross-origin\" allowfullscreen><\/iframe><\/p>\n<p>&nbsp;<\/p>\n<p><iframe loading=\"lazy\" title=\"Pratyahara - Withdrawal of Senses | Dr. Hansaji Yogendra\" width=\"640\" height=\"360\" src=\"https:\/\/www.youtube.com\/embed\/XhOrrU-lFSQ?feature=oembed\" frameborder=\"0\" allow=\"accelerometer; autoplay; clipboard-write; encrypted-media; gyroscope; picture-in-picture; web-share\" referrerpolicy=\"strict-origin-when-cross-origin\" allowfullscreen><\/iframe><\/p>\n<p>&nbsp;<\/p>\n<p><iframe loading=\"lazy\" title=\"5. PRATYAHARA | Curso de yoga en cuarentena\" width=\"640\" height=\"360\" src=\"https:\/\/www.youtube.com\/embed\/_rB-sBiQweY?feature=oembed\" frameborder=\"0\" allow=\"accelerometer; autoplay; clipboard-write; encrypted-media; gyroscope; picture-in-picture; web-share\" referrerpolicy=\"strict-origin-when-cross-origin\" allowfullscreen><\/iframe><\/p>\n<p>&nbsp;<\/p>\n<p><iframe loading=\"lazy\" title=\"\ud83e\uddd8\u200d\u2640\ufe0fMEDITACI\u00d3N PRATYAHARA | ATENCI\u00d3N PLENA (15 min) #YOMEQUEDOENCASA #YOMEQUEDOENCASAYOGA\" width=\"640\" height=\"480\" src=\"https:\/\/www.youtube.com\/embed\/VH0ICerHT0U?feature=oembed\" frameborder=\"0\" allow=\"accelerometer; autoplay; clipboard-write; encrypted-media; gyroscope; picture-in-picture; web-share\" referrerpolicy=\"strict-origin-when-cross-origin\" allowfullscreen><\/iframe><\/p>\n<p>&nbsp;<\/p>\n<p><iframe loading=\"lazy\" title=\"MEDITACION:  PRATYAHARA - DHARANA - DHYANA\" width=\"640\" height=\"360\" src=\"https:\/\/www.youtube.com\/embed\/qRkWwvNRwRM?feature=oembed\" frameborder=\"0\" allow=\"accelerometer; autoplay; clipboard-write; encrypted-media; gyroscope; picture-in-picture; web-share\" referrerpolicy=\"strict-origin-when-cross-origin\" allowfullscreen><\/iframe><\/p>\n<p>&nbsp;<\/p>\n<p><iframe loading=\"lazy\" title=\"Sadhguru Explains Importance of Pratyahara Yoga | Your Daily Guru\" width=\"640\" height=\"360\" src=\"https:\/\/www.youtube.com\/embed\/Hrb-eX1v0cQ?feature=oembed\" frameborder=\"0\" allow=\"accelerometer; autoplay; clipboard-write; encrypted-media; gyroscope; picture-in-picture; web-share\" referrerpolicy=\"strict-origin-when-cross-origin\" allowfullscreen><\/iframe><\/p>\n<p>&nbsp;<\/p>\n<p><iframe loading=\"lazy\" title=\"Hatha Yoga- Pratyahara\" width=\"640\" height=\"360\" src=\"https:\/\/www.youtube.com\/embed\/Agc4g99EaLM?feature=oembed\" frameborder=\"0\" allow=\"accelerometer; autoplay; clipboard-write; encrypted-media; gyroscope; picture-in-picture; web-share\" referrerpolicy=\"strict-origin-when-cross-origin\" allowfullscreen><\/iframe><\/p>\n<p>&nbsp;<\/p>\n<p><iframe loading=\"lazy\" title=\"Charla ashtanga 3 pratyahara, dharana, dhyana. samadhi\" width=\"640\" height=\"360\" src=\"https:\/\/www.youtube.com\/embed\/9mRndrzz-uU?feature=oembed\" frameborder=\"0\" allow=\"accelerometer; autoplay; clipboard-write; encrypted-media; gyroscope; picture-in-picture; web-share\" referrerpolicy=\"strict-origin-when-cross-origin\" allowfullscreen><\/iframe><\/p>\n<p>&nbsp;<\/p>\n<p>https:\/\/www.youtube.com\/watch?v=vdmle5b2zWU<\/p>\n<p>&nbsp;<\/p>\n<p>https:\/\/www.youtube.com\/watch?v=QK0StAJwSJE<\/p>\n<p>&nbsp;<\/p>\n<p><iframe loading=\"lazy\" title=\"Que es el pratyahara y cuales son sus aplicaciones terap\u00e9uticas?\" width=\"640\" height=\"360\" src=\"https:\/\/www.youtube.com\/embed\/MIShX-CkzMs?feature=oembed\" frameborder=\"0\" allow=\"accelerometer; autoplay; clipboard-write; encrypted-media; gyroscope; picture-in-picture; web-share\" referrerpolicy=\"strict-origin-when-cross-origin\" allowfullscreen><\/iframe><\/p>\n<p>&nbsp;<\/p>\n<p><iframe loading=\"lazy\" title=\"Pratyahara Exercise - Tapping Into the 5 Senses\" width=\"640\" height=\"360\" src=\"https:\/\/www.youtube.com\/embed\/xwOk972zQOY?feature=oembed\" frameborder=\"0\" allow=\"accelerometer; autoplay; clipboard-write; encrypted-media; gyroscope; picture-in-picture; web-share\" referrerpolicy=\"strict-origin-when-cross-origin\" allowfullscreen><\/iframe><\/p>\n<p>&nbsp;<\/p>\n<p><iframe loading=\"lazy\" title=\"Pratyahara yoga   Leonor Bastarrica  Espacio Aum\" width=\"640\" height=\"360\" src=\"https:\/\/www.youtube.com\/embed\/1oUaE4E7CK0?feature=oembed\" frameborder=\"0\" allow=\"accelerometer; autoplay; clipboard-write; encrypted-media; gyroscope; picture-in-picture; web-share\" referrerpolicy=\"strict-origin-when-cross-origin\" allowfullscreen><\/iframe><\/p>\n<p>&nbsp;<\/p>\n<p><iframe loading=\"lazy\" title=\"Yoga for Creativity: Pratyahara for Inspiration\" width=\"640\" height=\"360\" src=\"https:\/\/www.youtube.com\/embed\/xVeeZuAJJAA?feature=oembed\" frameborder=\"0\" allow=\"accelerometer; autoplay; clipboard-write; encrypted-media; gyroscope; picture-in-picture; web-share\" referrerpolicy=\"strict-origin-when-cross-origin\" allowfullscreen><\/iframe><\/p>\n<p>&nbsp;<\/p>\n<p>https:\/\/www.youtube.com\/watch?v=5-rZWOARWvQ<\/p>\n<p>&nbsp;<\/p>\n<p><iframe loading=\"lazy\" title=\"What is Pratyahara? &quot;5 Minutes with Dr. Svoboda&quot;\" width=\"640\" height=\"360\" src=\"https:\/\/www.youtube.com\/embed\/TIXe7Lf49Uk?feature=oembed\" frameborder=\"0\" allow=\"accelerometer; autoplay; clipboard-write; encrypted-media; gyroscope; picture-in-picture; web-share\" referrerpolicy=\"strict-origin-when-cross-origin\" allowfullscreen><\/iframe><\/p>\n<p>&nbsp;<\/p>\n<p><iframe loading=\"lazy\" title=\"Pratyahara and samyama - Yogi explains what are these states?\" width=\"640\" height=\"360\" src=\"https:\/\/www.youtube.com\/embed\/g0hT6AS1gQc?feature=oembed\" frameborder=\"0\" allow=\"accelerometer; autoplay; clipboard-write; encrypted-media; gyroscope; picture-in-picture; web-share\" referrerpolicy=\"strict-origin-when-cross-origin\" allowfullscreen><\/iframe><\/p>\n<p>&nbsp;<\/p>\n<p><iframe loading=\"lazy\" title=\"Pratyahara: Explained the Easy Way l Shri Roshan Palat l Aryamarga Yoga\" width=\"640\" height=\"360\" src=\"https:\/\/www.youtube.com\/embed\/_f0zNX_uEBA?feature=oembed\" frameborder=\"0\" allow=\"accelerometer; autoplay; clipboard-write; encrypted-media; gyroscope; picture-in-picture; web-share\" referrerpolicy=\"strict-origin-when-cross-origin\" allowfullscreen><\/iframe><\/p>\n<p>&nbsp;<\/p>\n<p><iframe loading=\"lazy\" title=\"Pratyahara Interoception, Emotional Regulation and Liberation from the Conditioned Mind (Karma)\" width=\"640\" height=\"360\" src=\"https:\/\/www.youtube.com\/embed\/BD4fHbhK7TQ?feature=oembed\" frameborder=\"0\" allow=\"accelerometer; autoplay; clipboard-write; encrypted-media; gyroscope; picture-in-picture; web-share\" referrerpolicy=\"strict-origin-when-cross-origin\" allowfullscreen><\/iframe><\/p>\n<p>&nbsp;<\/p>\n<p><iframe loading=\"lazy\" title=\"&#039;Pratyahara - the 5th Anga&#039; by Sri M\" width=\"640\" height=\"360\" src=\"https:\/\/www.youtube.com\/embed\/CtRBe_JQlxU?feature=oembed\" frameborder=\"0\" allow=\"accelerometer; autoplay; clipboard-write; encrypted-media; gyroscope; picture-in-picture; web-share\" referrerpolicy=\"strict-origin-when-cross-origin\" allowfullscreen><\/iframe><\/p>\n","protected":false},"excerpt":{"rendered":"<p>&nbsp; &nbsp; https:\/\/www.youtube.com\/watch?v=JIzgZ6TUsKg &nbsp; &nbsp; &nbsp; &nbsp; &nbsp; &nbsp; &nbsp; &nbsp; &nbsp; &nbsp; &nbsp; https:\/\/www.youtube.com\/watch?v=vdmle5b2zWU &nbsp; https:\/\/www.youtube.com\/watch?v=QK0StAJwSJE &nbsp;<\/p>\n","protected":false},"author":1,"featured_media":0,"parent":0,"menu_order":0,"comment_status":"closed","ping_status":"closed","template":"","meta":{"footnotes":""},"class_list":["post-4941","page","type-page","status-publish","hentry"],"_links":{"self":[{"href":"https:\/\/globalsolidarity.live\/wikiyoga\/wp-json\/wp\/v2\/pages\/4941","targetHints":{"allow":["GET"]}}],"collection":[{"href":"https:\/\/globalsolidarity.live\/wikiyoga\/wp-json\/wp\/v2\/pages"}],"about":[{"href":"https:\/\/globalsolidarity.live\/wikiyoga\/wp-json\/wp\/v2\/types\/page"}],"author":[{"embeddable":true,"href":"https:\/\/globalsolidarity.live\/wikiyoga\/wp-json\/wp\/v2\/users\/1"}],"replies":[{"embeddable":true,"href":"https:\/\/globalsolidarity.live\/wikiyoga\/wp-json\/wp\/v2\/comments?post=4941"}],"version-history":[{"count":1,"href":"https:\/\/globalsolidarity.live\/wikiyoga\/wp-json\/wp\/v2\/pages\/4941\/revisions"}],"predecessor-version":[{"id":4942,"href":"https:\/\/globalsolidarity.live\/wikiyoga\/wp-json\/wp\/v2\/pages\/4941\/revisions\/4942"}],"wp:attachment":[{"href":"https:\/\/globalsolidarity.live\/wikiyoga\/wp-json\/wp\/v2\/media?parent=4941"}],"curies":[{"name":"wp","href":"https:\/\/api.w.org\/{rel}","templated":true}]}}