{"id":4966,"date":"2021-06-01T01:57:49","date_gmt":"2021-06-01T01:57:49","guid":{"rendered":"https:\/\/globalsolidarity.live\/wikiyoga\/?page_id=4966"},"modified":"2021-06-01T01:57:49","modified_gmt":"2021-06-01T01:57:49","slug":"yoga-para-aliviar-la-escoliosis","status":"publish","type":"page","link":"https:\/\/globalsolidarity.live\/wikiyoga\/yoga-para-aliviar-la-escoliosis\/","title":{"rendered":"Yoga para aliviar la Escoliosis"},"content":{"rendered":"<p><iframe loading=\"lazy\" title=\"YOGA PARA ESCOLIOSIS \ud83d\udc9b Corrige desviaci\u00f3n de la columna\" width=\"640\" height=\"360\" src=\"https:\/\/www.youtube.com\/embed\/_awTKYfGxBk?feature=oembed\" frameborder=\"0\" allow=\"accelerometer; autoplay; clipboard-write; encrypted-media; gyroscope; picture-in-picture; web-share\" referrerpolicy=\"strict-origin-when-cross-origin\" allowfullscreen><\/iframe><\/p>\n<p>&nbsp;<\/p>\n<p>https:\/\/www.youtube.com\/watch?v=Xdt283hFkxI<\/p>\n<p>&nbsp;<\/p>\n<p><iframe loading=\"lazy\" title=\"Ejercicio para la espalda curva o con escoliosis\" width=\"640\" height=\"360\" src=\"https:\/\/www.youtube.com\/embed\/FMvnpSwFQRc?feature=oembed\" frameborder=\"0\" allow=\"accelerometer; autoplay; clipboard-write; encrypted-media; gyroscope; picture-in-picture; web-share\" referrerpolicy=\"strict-origin-when-cross-origin\" allowfullscreen><\/iframe><\/p>\n<p>&nbsp;<\/p>\n<p><iframe loading=\"lazy\" title=\"ESCOLIOSIS en S - EJERCICIOS evitar DOLOR y CORREGIR | Fisiolution\" width=\"640\" height=\"360\" src=\"https:\/\/www.youtube.com\/embed\/BFrG-XW_8lo?feature=oembed\" frameborder=\"0\" allow=\"accelerometer; autoplay; clipboard-write; encrypted-media; gyroscope; picture-in-picture; web-share\" referrerpolicy=\"strict-origin-when-cross-origin\" allowfullscreen><\/iframe><\/p>\n<p>&nbsp;<\/p>\n<p><iframe loading=\"lazy\" title=\"Escoliosis en C, ejercicios correctivos\" width=\"640\" height=\"360\" src=\"https:\/\/www.youtube.com\/embed\/HD7DQsUj0wc?feature=oembed\" frameborder=\"0\" allow=\"accelerometer; autoplay; clipboard-write; encrypted-media; gyroscope; picture-in-picture; web-share\" referrerpolicy=\"strict-origin-when-cross-origin\" allowfullscreen><\/iframe><\/p>\n<p>&nbsp;<\/p>\n<p><iframe loading=\"lazy\" title=\"ESCOLIOSIS \/ CIFOSIS y DOLORES de ESPALDA-CLASE de YOGA COMPLETA \/ Verena Boix\" width=\"640\" height=\"360\" src=\"https:\/\/www.youtube.com\/embed\/TyYSy9sD-nA?feature=oembed\" frameborder=\"0\" allow=\"accelerometer; autoplay; clipboard-write; encrypted-media; gyroscope; picture-in-picture; web-share\" referrerpolicy=\"strict-origin-when-cross-origin\" allowfullscreen><\/iframe><\/p>\n<p>&nbsp;<\/p>\n<p><iframe loading=\"lazy\" title=\"\u00bfEn qu\u00e9 consiste la cirug\u00eda para la escoliosis?\" width=\"640\" height=\"360\" src=\"https:\/\/www.youtube.com\/embed\/HBJbmCUn9RQ?feature=oembed\" frameborder=\"0\" allow=\"accelerometer; autoplay; clipboard-write; encrypted-media; gyroscope; picture-in-picture; web-share\" referrerpolicy=\"strict-origin-when-cross-origin\" allowfullscreen><\/iframe><\/p>\n<p>&nbsp;<\/p>\n<p>https:\/\/www.youtube.com\/watch?v=rc1sbuyIPOg<\/p>\n<p>&nbsp;<\/p>\n<p><iframe loading=\"lazy\" title=\"\ud83d\uded1  D\u00f3nde est\u00e1 la CONTRACTURA en la ESCOLIOSIS? \u25b6 EJERCICIO para MEJORAR (Yoga Terap\u00e9utico) \ud83d\ude32 WOOOW!!\" width=\"640\" height=\"360\" src=\"https:\/\/www.youtube.com\/embed\/PQmLzMsmlhE?feature=oembed\" frameborder=\"0\" allow=\"accelerometer; autoplay; clipboard-write; encrypted-media; gyroscope; picture-in-picture; web-share\" referrerpolicy=\"strict-origin-when-cross-origin\" allowfullscreen><\/iframe><\/p>\n<p>&nbsp;<\/p>\n<p><iframe loading=\"lazy\" title=\"\ud83d\uded1 Qu\u00e9 causa el DOLOR en la ESCOLIOSIS? | PORQU\u00c9 duele en la PR\u00c1CTICA de EJERCICIO?\ud83e\udd14 Yoga Terapeutico\" width=\"640\" height=\"360\" src=\"https:\/\/www.youtube.com\/embed\/HPLa4eFm6vY?feature=oembed\" frameborder=\"0\" allow=\"accelerometer; autoplay; clipboard-write; encrypted-media; gyroscope; picture-in-picture; web-share\" referrerpolicy=\"strict-origin-when-cross-origin\" allowfullscreen><\/iframe><\/p>\n<p>&nbsp;<\/p>\n<p><iframe loading=\"lazy\" title=\"\ud83d\uded1El Curso DEFINITIVO para la ESCOLIOSIS  \u26e9 TODO EL CONOCIMIENTO a tu alcance! Yoga, Pilates\" width=\"640\" height=\"360\" src=\"https:\/\/www.youtube.com\/embed\/FRsN7Lp1Mjk?feature=oembed\" frameborder=\"0\" allow=\"accelerometer; autoplay; clipboard-write; encrypted-media; gyroscope; picture-in-picture; web-share\" referrerpolicy=\"strict-origin-when-cross-origin\" allowfullscreen><\/iframe><\/p>\n<p>&nbsp;<\/p>\n<p><iframe loading=\"lazy\" title=\"Tratamiento de la escoliosis en adultos (4\/4)\" width=\"640\" height=\"360\" src=\"https:\/\/www.youtube.com\/embed\/XgVmJ92HHNo?feature=oembed\" frameborder=\"0\" allow=\"accelerometer; autoplay; clipboard-write; encrypted-media; gyroscope; picture-in-picture; web-share\" referrerpolicy=\"strict-origin-when-cross-origin\" allowfullscreen><\/iframe><\/p>\n<p>&nbsp;<\/p>\n<p><iframe loading=\"lazy\" title=\"\u00bfCu\u00e1les son los tratamientos para Escoliosis? lumbar, dorsal\" width=\"640\" height=\"480\" src=\"https:\/\/www.youtube.com\/embed\/pkn0MQUfAuE?feature=oembed\" frameborder=\"0\" allow=\"accelerometer; autoplay; clipboard-write; encrypted-media; gyroscope; picture-in-picture; web-share\" referrerpolicy=\"strict-origin-when-cross-origin\" allowfullscreen><\/iframe><\/p>\n<p>&nbsp;<\/p>\n<p><iframe loading=\"lazy\" title=\"CORREGIR LA ESCOLIOSIS DE FORMA NATURAL, EXPLICADO PASO A PASO\" width=\"640\" height=\"360\" src=\"https:\/\/www.youtube.com\/embed\/sw4RrbT5-VU?feature=oembed\" frameborder=\"0\" allow=\"accelerometer; autoplay; clipboard-write; encrypted-media; gyroscope; picture-in-picture; web-share\" referrerpolicy=\"strict-origin-when-cross-origin\" allowfullscreen><\/iframe><\/p>\n<p>&nbsp;<\/p>\n<p><iframe loading=\"lazy\" title=\"Escoliosis: causas, tratamiento y recuperaci\u00f3n\" width=\"640\" height=\"360\" src=\"https:\/\/www.youtube.com\/embed\/_mz6LIEwnfQ?feature=oembed\" frameborder=\"0\" allow=\"accelerometer; autoplay; clipboard-write; encrypted-media; gyroscope; picture-in-picture; web-share\" referrerpolicy=\"strict-origin-when-cross-origin\" allowfullscreen><\/iframe><\/p>\n<p>&nbsp;<\/p>\n<p>https:\/\/www.youtube.com\/watch?v=QPh2R_xqLqo<\/p>\n<p>&nbsp;<\/p>\n<p><iframe loading=\"lazy\" title=\"Yoga, Ejercicios para tratar la Escoliosis\" width=\"640\" height=\"480\" src=\"https:\/\/www.youtube.com\/embed\/sJbtLkyLLrE?feature=oembed\" frameborder=\"0\" allow=\"accelerometer; autoplay; clipboard-write; encrypted-media; gyroscope; picture-in-picture; web-share\" referrerpolicy=\"strict-origin-when-cross-origin\" allowfullscreen><\/iframe><\/p>\n<p>&nbsp;<\/p>\n<p>https:\/\/www.youtube.com\/watch?v=_r64TGtjpN4<\/p>\n<p>&nbsp;<\/p>\n<p><iframe loading=\"lazy\" title=\"Como dormir con escoliosis\" width=\"640\" height=\"360\" src=\"https:\/\/www.youtube.com\/embed\/WzSa8xqJAfQ?feature=oembed\" frameborder=\"0\" allow=\"accelerometer; autoplay; clipboard-write; encrypted-media; gyroscope; picture-in-picture; web-share\" referrerpolicy=\"strict-origin-when-cross-origin\" allowfullscreen><\/iframe><\/p>\n<p>&nbsp;<\/p>\n<p><iframe loading=\"lazy\" title=\"\ud83d\udc49ESCOLIOSIS Y\ud83d\udc99 PILATES\ud83d\udc9b  Ejercicios para MEJORAR la SALUD DE TU ESPALDA\u2705\" width=\"640\" height=\"360\" src=\"https:\/\/www.youtube.com\/embed\/UXc9rZQRyto?feature=oembed\" frameborder=\"0\" allow=\"accelerometer; autoplay; clipboard-write; encrypted-media; gyroscope; picture-in-picture; web-share\" referrerpolicy=\"strict-origin-when-cross-origin\" allowfullscreen><\/iframe><\/p>\n<p>&nbsp;<\/p>\n<p><iframe loading=\"lazy\" title=\"\u00bfC\u00f3mo EVITAR la ESCOLIOSIS INFANTIL? 10 RECOMENDACIONES y EJERCICIOS | Fisiolution\" width=\"640\" height=\"360\" src=\"https:\/\/www.youtube.com\/embed\/2eemszI9so0?feature=oembed\" frameborder=\"0\" allow=\"accelerometer; autoplay; clipboard-write; encrypted-media; gyroscope; picture-in-picture; web-share\" referrerpolicy=\"strict-origin-when-cross-origin\" allowfullscreen><\/iframe><\/p>\n<p>&nbsp;<\/p>\n<p><iframe loading=\"lazy\" title=\"Yoga Terap\u00e9utico para escoliosis\" width=\"640\" height=\"360\" src=\"https:\/\/www.youtube.com\/embed\/EnmXrt6kBCU?feature=oembed\" frameborder=\"0\" allow=\"accelerometer; autoplay; clipboard-write; encrypted-media; gyroscope; picture-in-picture; web-share\" referrerpolicy=\"strict-origin-when-cross-origin\" allowfullscreen><\/iframe><\/p>\n<p>&nbsp;<\/p>\n<p><iframe loading=\"lazy\" title=\"Yoga Terapeutico para Escoliosis con Laura Smith\" width=\"640\" height=\"480\" src=\"https:\/\/www.youtube.com\/embed\/pZDZB5uA36Q?feature=oembed\" frameborder=\"0\" allow=\"accelerometer; autoplay; clipboard-write; encrypted-media; gyroscope; picture-in-picture; web-share\" referrerpolicy=\"strict-origin-when-cross-origin\" allowfullscreen><\/iframe><\/p>\n<p>&nbsp;<\/p>\n<p><iframe loading=\"lazy\" title=\"CORREGIR LA ESCOLIOSIS DE FORMA NATURAL, EXPLICADO PASO A PASO\" width=\"640\" height=\"360\" src=\"https:\/\/www.youtube.com\/embed\/sw4RrbT5-VU?feature=oembed\" frameborder=\"0\" allow=\"accelerometer; autoplay; clipboard-write; encrypted-media; gyroscope; picture-in-picture; web-share\" referrerpolicy=\"strict-origin-when-cross-origin\" allowfullscreen><\/iframe><\/p>\n<p>&nbsp;<\/p>\n<p><iframe loading=\"lazy\" title=\"Yoga Integral para la escoliosis.\" width=\"640\" height=\"360\" src=\"https:\/\/www.youtube.com\/embed\/rQ2qgNQSxxY?feature=oembed\" frameborder=\"0\" allow=\"accelerometer; autoplay; clipboard-write; encrypted-media; gyroscope; picture-in-picture; web-share\" referrerpolicy=\"strict-origin-when-cross-origin\" allowfullscreen><\/iframe><\/p>\n<p>&nbsp;<\/p>\n<p><iframe loading=\"lazy\" title=\"C\u00f3mo &quot;enderezar&quot; la columna (reduce la escoliosis) - Movimiento Inteligente TV con Lea Kaufman\" width=\"640\" height=\"360\" src=\"https:\/\/www.youtube.com\/embed\/6rIckOXt5uI?feature=oembed\" frameborder=\"0\" allow=\"accelerometer; autoplay; clipboard-write; encrypted-media; gyroscope; picture-in-picture; web-share\" referrerpolicy=\"strict-origin-when-cross-origin\" allowfullscreen><\/iframe><\/p>\n<p>&nbsp;<\/p>\n<p><iframe loading=\"lazy\" title=\"Pilates para la escoliosis en Barril #PolestarTips\" width=\"640\" height=\"360\" src=\"https:\/\/www.youtube.com\/embed\/W0uLExw2vNk?feature=oembed\" frameborder=\"0\" allow=\"accelerometer; autoplay; clipboard-write; encrypted-media; gyroscope; picture-in-picture; web-share\" referrerpolicy=\"strict-origin-when-cross-origin\" allowfullscreen><\/iframe><\/p>\n<p>&nbsp;<\/p>\n<p><iframe loading=\"lazy\" title=\"\ud83d\uded1 QU\u00c9 RELACI\u00d3N tiene la HERNIA DISCAL con la ESCOLIOSIS\ud83d\udc48 Dolor de Espalda -Yoga Terap\u00e9utico\" width=\"640\" height=\"360\" src=\"https:\/\/www.youtube.com\/embed\/xdeMEcSllTk?feature=oembed\" frameborder=\"0\" allow=\"accelerometer; autoplay; clipboard-write; encrypted-media; gyroscope; picture-in-picture; web-share\" referrerpolicy=\"strict-origin-when-cross-origin\" allowfullscreen><\/iframe><\/p>\n<p>&nbsp;<\/p>\n<p><iframe loading=\"lazy\" title=\"YOGA33 PARA LA ESCOLIOSIS \ud83d\udca1 Descodificaci\u00f3n escoliosis \ud83d\udca1 Clase te\u00f3rica.\" width=\"640\" height=\"360\" src=\"https:\/\/www.youtube.com\/embed\/DlCH2rpaoQ0?feature=oembed\" frameborder=\"0\" allow=\"accelerometer; autoplay; clipboard-write; encrypted-media; gyroscope; picture-in-picture; web-share\" referrerpolicy=\"strict-origin-when-cross-origin\" allowfullscreen><\/iframe><\/p>\n","protected":false},"excerpt":{"rendered":"<p>&nbsp; https:\/\/www.youtube.com\/watch?v=Xdt283hFkxI &nbsp; &nbsp; &nbsp; &nbsp; &nbsp; &nbsp; https:\/\/www.youtube.com\/watch?v=rc1sbuyIPOg &nbsp; &nbsp; &nbsp; &nbsp; &nbsp; &nbsp; &nbsp; &nbsp; https:\/\/www.youtube.com\/watch?v=QPh2R_xqLqo<\/p>\n","protected":false},"author":1,"featured_media":0,"parent":0,"menu_order":0,"comment_status":"closed","ping_status":"closed","template":"","meta":{"footnotes":""},"class_list":["post-4966","page","type-page","status-publish","hentry"],"_links":{"self":[{"href":"https:\/\/globalsolidarity.live\/wikiyoga\/wp-json\/wp\/v2\/pages\/4966","targetHints":{"allow":["GET"]}}],"collection":[{"href":"https:\/\/globalsolidarity.live\/wikiyoga\/wp-json\/wp\/v2\/pages"}],"about":[{"href":"https:\/\/globalsolidarity.live\/wikiyoga\/wp-json\/wp\/v2\/types\/page"}],"author":[{"embeddable":true,"href":"https:\/\/globalsolidarity.live\/wikiyoga\/wp-json\/wp\/v2\/users\/1"}],"replies":[{"embeddable":true,"href":"https:\/\/globalsolidarity.live\/wikiyoga\/wp-json\/wp\/v2\/comments?post=4966"}],"version-history":[{"count":1,"href":"https:\/\/globalsolidarity.live\/wikiyoga\/wp-json\/wp\/v2\/pages\/4966\/revisions"}],"predecessor-version":[{"id":4967,"href":"https:\/\/globalsolidarity.live\/wikiyoga\/wp-json\/wp\/v2\/pages\/4966\/revisions\/4967"}],"wp:attachment":[{"href":"https:\/\/globalsolidarity.live\/wikiyoga\/wp-json\/wp\/v2\/media?parent=4966"}],"curies":[{"name":"wp","href":"https:\/\/api.w.org\/{rel}","templated":true}]}}