{"id":4975,"date":"2021-06-01T02:02:52","date_gmt":"2021-06-01T02:02:52","guid":{"rendered":"https:\/\/globalsolidarity.live\/wikiyoga\/?page_id=4975"},"modified":"2021-06-01T02:02:52","modified_gmt":"2021-06-01T02:02:52","slug":"yoga-para-aliviar-los-rinones","status":"publish","type":"page","link":"https:\/\/globalsolidarity.live\/wikiyoga\/yoga-para-aliviar-los-rinones\/","title":{"rendered":"Yoga para aliviar los Ri\u00f1ones"},"content":{"rendered":"<p><iframe loading=\"lazy\" title=\"Yoga para los ri\u00f1ones y la zona lumbar - Dale Yoga A Tu Vida\" width=\"640\" height=\"360\" src=\"https:\/\/www.youtube.com\/embed\/PK7V3guBiLc?feature=oembed\" frameborder=\"0\" allow=\"accelerometer; autoplay; clipboard-write; encrypted-media; gyroscope; picture-in-picture; web-share\" referrerpolicy=\"strict-origin-when-cross-origin\" allowfullscreen><\/iframe><\/p>\n<p>&nbsp;<\/p>\n<p>https:\/\/www.youtube.com\/watch?v=El8jeM6gKUs<\/p>\n<p>&nbsp;<\/p>\n<p><iframe loading=\"lazy\" title=\"Yoga para los ri\u00f1ones y la zona lumbar\" width=\"640\" height=\"360\" src=\"https:\/\/www.youtube.com\/embed\/6q8lbERXLU8?feature=oembed\" frameborder=\"0\" allow=\"accelerometer; autoplay; clipboard-write; encrypted-media; gyroscope; picture-in-picture; web-share\" referrerpolicy=\"strict-origin-when-cross-origin\" allowfullscreen><\/iframe><\/p>\n<p>&nbsp;<\/p>\n<p><iframe loading=\"lazy\" title=\"Posturas de yoga que nos ayudan a trabajar los ri\u00f1ones\" width=\"640\" height=\"360\" src=\"https:\/\/www.youtube.com\/embed\/k-XgvvOYDC8?feature=oembed\" frameborder=\"0\" allow=\"accelerometer; autoplay; clipboard-write; encrypted-media; gyroscope; picture-in-picture; web-share\" referrerpolicy=\"strict-origin-when-cross-origin\" allowfullscreen><\/iframe><\/p>\n<p>&nbsp;<\/p>\n<p><iframe loading=\"lazy\" title=\"YIN YOGA para RI\u00d1ONES, MIEDO y LUMBARES \ud83e\uddd8\u200d\u2640\ufe0f |YOGA En Espa\u00f1ol|\" width=\"640\" height=\"360\" src=\"https:\/\/www.youtube.com\/embed\/ERxIC0Vn-_Y?feature=oembed\" frameborder=\"0\" allow=\"accelerometer; autoplay; clipboard-write; encrypted-media; gyroscope; picture-in-picture; web-share\" referrerpolicy=\"strict-origin-when-cross-origin\" allowfullscreen><\/iframe><\/p>\n<p>&nbsp;<\/p>\n<p><iframe loading=\"lazy\" title=\"Como Desbloquear el Nervio Ci\u00e1tico - Ejercicios para el nervio ciatico - Dale Yoga A Tu Vida\" width=\"640\" height=\"360\" src=\"https:\/\/www.youtube.com\/embed\/3n6MAA7gpHQ?feature=oembed\" frameborder=\"0\" allow=\"accelerometer; autoplay; clipboard-write; encrypted-media; gyroscope; picture-in-picture; web-share\" referrerpolicy=\"strict-origin-when-cross-origin\" allowfullscreen><\/iframe><\/p>\n<p>&nbsp;<\/p>\n<p><iframe loading=\"lazy\" title=\"Yoga para eliminar los c\u00e1lculos renales\" width=\"640\" height=\"360\" src=\"https:\/\/www.youtube.com\/embed\/v4Qa4V1dAWU?feature=oembed\" frameborder=\"0\" allow=\"accelerometer; autoplay; clipboard-write; encrypted-media; gyroscope; picture-in-picture; web-share\" referrerpolicy=\"strict-origin-when-cross-origin\" allowfullscreen><\/iframe><\/p>\n<p>&nbsp;<\/p>\n<p><iframe loading=\"lazy\" title=\"Como Desbloquear el Nervio Ci\u00e1tico - Ejercicios para el nervio ciatico - Dale Yoga A Tu Vida\" width=\"640\" height=\"360\" src=\"https:\/\/www.youtube.com\/embed\/CSnxPPITMzQ?feature=oembed\" frameborder=\"0\" allow=\"accelerometer; autoplay; clipboard-write; encrypted-media; gyroscope; picture-in-picture; web-share\" referrerpolicy=\"strict-origin-when-cross-origin\" allowfullscreen><\/iframe><\/p>\n<p>&nbsp;<\/p>\n<p><iframe loading=\"lazy\" title=\"Imagine Academy \u00b7 Kundalini Yoga Serie para los Ri\u00f1ones\" width=\"640\" height=\"360\" src=\"https:\/\/www.youtube.com\/embed\/lBJ9ZxrAPP8?feature=oembed\" frameborder=\"0\" allow=\"accelerometer; autoplay; clipboard-write; encrypted-media; gyroscope; picture-in-picture; web-share\" referrerpolicy=\"strict-origin-when-cross-origin\" allowfullscreen><\/iframe><\/p>\n<p>&nbsp;<\/p>\n<p><iframe loading=\"lazy\" title=\"C\u00f3mo el yoga puede ayudarnos a mejorar las molestias por infecciones de orina\" width=\"640\" height=\"360\" src=\"https:\/\/www.youtube.com\/embed\/oSMFon8iszM?feature=oembed\" frameborder=\"0\" allow=\"accelerometer; autoplay; clipboard-write; encrypted-media; gyroscope; picture-in-picture; web-share\" referrerpolicy=\"strict-origin-when-cross-origin\" allowfullscreen><\/iframe><\/p>\n<p>&nbsp;<\/p>\n<p><iframe loading=\"lazy\" title=\"Estira La Oreja Para Tener Ri\u00f1ones Sanos Y Este Jugo Limpiar\u00e1 Tu Ri\u00f1\u00f3n | Remedio Casero &amp; Acupresi\u00f3n\" width=\"640\" height=\"360\" src=\"https:\/\/www.youtube.com\/embed\/qpA1G3P4eX8?feature=oembed\" frameborder=\"0\" allow=\"accelerometer; autoplay; clipboard-write; encrypted-media; gyroscope; picture-in-picture; web-share\" referrerpolicy=\"strict-origin-when-cross-origin\" allowfullscreen><\/iframe><\/p>\n<p>&nbsp;<\/p>\n<p><iframe loading=\"lazy\" title=\"Episodio #1493 Rompe Las Piedras En Los Ri\u00f1ones\" width=\"640\" height=\"360\" src=\"https:\/\/www.youtube.com\/embed\/kxtke3t2I3w?feature=oembed\" frameborder=\"0\" allow=\"accelerometer; autoplay; clipboard-write; encrypted-media; gyroscope; picture-in-picture; web-share\" referrerpolicy=\"strict-origin-when-cross-origin\" allowfullscreen><\/iframe><\/p>\n<p>&nbsp;<\/p>\n<p>&nbsp;<\/p>\n<p><iframe loading=\"lazy\" title=\"10 Super Alimentos Para Tener un Ri\u00f1on Sano\" width=\"640\" height=\"360\" src=\"https:\/\/www.youtube.com\/embed\/X9H0GBEo_qY?feature=oembed\" frameborder=\"0\" allow=\"accelerometer; autoplay; clipboard-write; encrypted-media; gyroscope; picture-in-picture; web-share\" referrerpolicy=\"strict-origin-when-cross-origin\" allowfullscreen><\/iframe><\/p>\n<p>&nbsp;<\/p>\n<p><iframe loading=\"lazy\" title=\"Una Cucharadita De Esto Al D\u00eda Puede Reparar Tu Ri\u00f1\u00f3n Da\u00f1ado De Forma Natural Sin Medicamentos!\" width=\"640\" height=\"360\" src=\"https:\/\/www.youtube.com\/embed\/KVK9alhSuQM?feature=oembed\" frameborder=\"0\" allow=\"accelerometer; autoplay; clipboard-write; encrypted-media; gyroscope; picture-in-picture; web-share\" referrerpolicy=\"strict-origin-when-cross-origin\" allowfullscreen><\/iframe><\/p>\n<p>&nbsp;<\/p>\n<p>https:\/\/www.youtube.com\/watch?v=1wSgQeOJNcU<\/p>\n<p>&nbsp;<\/p>\n<p><iframe loading=\"lazy\" title=\"4 ejercicios que te ayudar\u00e1n en la insuficiencia renal\" width=\"640\" height=\"360\" src=\"https:\/\/www.youtube.com\/embed\/5A5i7coh3I0?feature=oembed\" frameborder=\"0\" allow=\"accelerometer; autoplay; clipboard-write; encrypted-media; gyroscope; picture-in-picture; web-share\" referrerpolicy=\"strict-origin-when-cross-origin\" allowfullscreen><\/iframe><\/p>\n<p>&nbsp;<\/p>\n<p><iframe loading=\"lazy\" title=\"\u00bfPor qu\u00e9 tengo ORINA ESPUMOSA? (espuma en la orina)\" width=\"640\" height=\"360\" src=\"https:\/\/www.youtube.com\/embed\/OLJKRIM9KFo?feature=oembed\" frameborder=\"0\" allow=\"accelerometer; autoplay; clipboard-write; encrypted-media; gyroscope; picture-in-picture; web-share\" referrerpolicy=\"strict-origin-when-cross-origin\" allowfullscreen><\/iframe><\/p>\n<p>&nbsp;<\/p>\n<p><iframe loading=\"lazy\" title=\"Como eliminar C\u00e1lculos renales\" width=\"640\" height=\"360\" src=\"https:\/\/www.youtube.com\/embed\/dnDG-afg5do?feature=oembed\" frameborder=\"0\" allow=\"accelerometer; autoplay; clipboard-write; encrypted-media; gyroscope; picture-in-picture; web-share\" referrerpolicy=\"strict-origin-when-cross-origin\" allowfullscreen><\/iframe><\/p>\n<p>&nbsp;<\/p>\n<p><iframe loading=\"lazy\" title=\"C\u00e1lculos Renales\" width=\"640\" height=\"360\" src=\"https:\/\/www.youtube.com\/embed\/lOtl2IDi9tU?feature=oembed\" frameborder=\"0\" allow=\"accelerometer; autoplay; clipboard-write; encrypted-media; gyroscope; picture-in-picture; web-share\" referrerpolicy=\"strict-origin-when-cross-origin\" allowfullscreen><\/iframe><\/p>\n<p>&nbsp;<\/p>\n<p><iframe loading=\"lazy\" title=\"Todas las plantas medicinales para rin\u0303o\u0301n-vejiga, u\u0301tero y ovarios-pro\u0301stata\" width=\"640\" height=\"360\" src=\"https:\/\/www.youtube.com\/embed\/OMPkwTyADm4?feature=oembed\" frameborder=\"0\" allow=\"accelerometer; autoplay; clipboard-write; encrypted-media; gyroscope; picture-in-picture; web-share\" referrerpolicy=\"strict-origin-when-cross-origin\" allowfullscreen><\/iframe><\/p>\n<p>&nbsp;<\/p>\n<p>https:\/\/www.youtube.com\/watch?v=wOOUYO8wQD8<\/p>\n<p>&nbsp;<\/p>\n<p>&nbsp;<\/p>\n<p><iframe loading=\"lazy\" title=\"Limpia tu ri\u00f1\u00f3n y expulsa hasta la \u00faltima piedra con solo beber media taza de esta bebida\" width=\"640\" height=\"360\" src=\"https:\/\/www.youtube.com\/embed\/QMZ3tPhz8Dg?feature=oembed\" frameborder=\"0\" allow=\"accelerometer; autoplay; clipboard-write; encrypted-media; gyroscope; picture-in-picture; web-share\" referrerpolicy=\"strict-origin-when-cross-origin\" allowfullscreen><\/iframe><\/p>\n<p>&nbsp;<\/p>\n<p><iframe loading=\"lazy\" title=\"Clase de yoga para ri\u00f1ones y espalda.  11-03-2020\" width=\"640\" height=\"360\" src=\"https:\/\/www.youtube.com\/embed\/WtqPJCQWGgo?feature=oembed\" frameborder=\"0\" allow=\"accelerometer; autoplay; clipboard-write; encrypted-media; gyroscope; picture-in-picture; web-share\" referrerpolicy=\"strict-origin-when-cross-origin\" allowfullscreen><\/iframe><\/p>\n<p>&nbsp;<\/p>\n<p><iframe loading=\"lazy\" title=\"MEDITACI\u00d3N GUIADA para SANAR  Tus RI\u00d1ONES\" width=\"640\" height=\"360\" src=\"https:\/\/www.youtube.com\/embed\/Kngnf4WhzPk?feature=oembed\" frameborder=\"0\" allow=\"accelerometer; autoplay; clipboard-write; encrypted-media; gyroscope; picture-in-picture; web-share\" referrerpolicy=\"strict-origin-when-cross-origin\" allowfullscreen><\/iframe><\/p>\n<p>&nbsp;<\/p>\n<p><iframe loading=\"lazy\" title=\"Curar infeccion y expulsar piedras de los ri\u00f1ones en solo 3 dias\" width=\"640\" height=\"360\" src=\"https:\/\/www.youtube.com\/embed\/X9q8BwadjEw?feature=oembed\" frameborder=\"0\" allow=\"accelerometer; autoplay; clipboard-write; encrypted-media; gyroscope; picture-in-picture; web-share\" referrerpolicy=\"strict-origin-when-cross-origin\" allowfullscreen><\/iframe><\/p>\n<p>&nbsp;<\/p>\n<p>&nbsp;<\/p>\n<p>&nbsp;<\/p>\n<p>&nbsp;<\/p>\n<p>&nbsp;<\/p>\n<p>&nbsp;<\/p>\n","protected":false},"excerpt":{"rendered":"<p>&nbsp; https:\/\/www.youtube.com\/watch?v=El8jeM6gKUs &nbsp; &nbsp; &nbsp; &nbsp; &nbsp; &nbsp; &nbsp; &nbsp; &nbsp; &nbsp; &nbsp; &nbsp; &nbsp; &nbsp; https:\/\/www.youtube.com\/watch?v=1wSgQeOJNcU &nbsp;<\/p>\n","protected":false},"author":1,"featured_media":0,"parent":0,"menu_order":0,"comment_status":"closed","ping_status":"closed","template":"","meta":{"footnotes":""},"class_list":["post-4975","page","type-page","status-publish","hentry"],"_links":{"self":[{"href":"https:\/\/globalsolidarity.live\/wikiyoga\/wp-json\/wp\/v2\/pages\/4975","targetHints":{"allow":["GET"]}}],"collection":[{"href":"https:\/\/globalsolidarity.live\/wikiyoga\/wp-json\/wp\/v2\/pages"}],"about":[{"href":"https:\/\/globalsolidarity.live\/wikiyoga\/wp-json\/wp\/v2\/types\/page"}],"author":[{"embeddable":true,"href":"https:\/\/globalsolidarity.live\/wikiyoga\/wp-json\/wp\/v2\/users\/1"}],"replies":[{"embeddable":true,"href":"https:\/\/globalsolidarity.live\/wikiyoga\/wp-json\/wp\/v2\/comments?post=4975"}],"version-history":[{"count":1,"href":"https:\/\/globalsolidarity.live\/wikiyoga\/wp-json\/wp\/v2\/pages\/4975\/revisions"}],"predecessor-version":[{"id":4976,"href":"https:\/\/globalsolidarity.live\/wikiyoga\/wp-json\/wp\/v2\/pages\/4975\/revisions\/4976"}],"wp:attachment":[{"href":"https:\/\/globalsolidarity.live\/wikiyoga\/wp-json\/wp\/v2\/media?parent=4975"}],"curies":[{"name":"wp","href":"https:\/\/api.w.org\/{rel}","templated":true}]}}