{"id":5169,"date":"2021-06-02T02:08:30","date_gmt":"2021-06-02T02:08:30","guid":{"rendered":"https:\/\/globalsolidarity.live\/wikiyoga\/?page_id=5169"},"modified":"2021-06-02T02:08:30","modified_gmt":"2021-06-02T02:08:30","slug":"richard-davidson","status":"publish","type":"page","link":"https:\/\/globalsolidarity.live\/wikiyoga\/richard-davidson\/","title":{"rendered":"Richard Davidson"},"content":{"rendered":"<p><iframe loading=\"lazy\" title=\"Transforma tu mente (Visita de Richard Davidson y Myoshin Kelley a Puebla, M\u00e9xico 11-11-2014)\" width=\"640\" height=\"360\" src=\"https:\/\/www.youtube.com\/embed\/WXqbPZBfasg?feature=oembed\" frameborder=\"0\" allow=\"accelerometer; autoplay; clipboard-write; encrypted-media; gyroscope; picture-in-picture; web-share\" referrerpolicy=\"strict-origin-when-cross-origin\" allowfullscreen><\/iframe><\/p>\n<p>&nbsp;<\/p>\n<p>https:\/\/www.youtube.com\/watch?v=IM30SGX9vMA<\/p>\n<p>&nbsp;<\/p>\n<p><iframe loading=\"lazy\" title=\"Como gestionar las emociones; Richard Davidson, Daniel Goleman, Matthieu Ricard\" width=\"640\" height=\"360\" src=\"https:\/\/www.youtube.com\/embed\/0C4mrWRWT7A?feature=oembed\" frameborder=\"0\" allow=\"accelerometer; autoplay; clipboard-write; encrypted-media; gyroscope; picture-in-picture; web-share\" referrerpolicy=\"strict-origin-when-cross-origin\" allowfullscreen><\/iframe><\/p>\n<p>&nbsp;<\/p>\n<p><iframe loading=\"lazy\" title=\"How mindfulness changes the emotional life of our brains | Richard J. Davidson | TEDxSanFrancisco\" width=\"640\" height=\"360\" src=\"https:\/\/www.youtube.com\/embed\/7CBfCW67xT8?feature=oembed\" frameborder=\"0\" allow=\"accelerometer; autoplay; clipboard-write; encrypted-media; gyroscope; picture-in-picture; web-share\" referrerpolicy=\"strict-origin-when-cross-origin\" allowfullscreen><\/iframe><\/p>\n<p>&nbsp;<\/p>\n<p><iframe loading=\"lazy\" title=\"1-\ud83d\udca5NEUROPLASTICIDAD Y MEDITACI\u00d3N\ud83d\udca5Richard J. Davidson\" width=\"640\" height=\"480\" src=\"https:\/\/www.youtube.com\/embed\/8psxIsyHbUs?feature=oembed\" frameborder=\"0\" allow=\"accelerometer; autoplay; clipboard-write; encrypted-media; gyroscope; picture-in-picture; web-share\" referrerpolicy=\"strict-origin-when-cross-origin\" allowfullscreen><\/iframe><\/p>\n<p>&nbsp;<\/p>\n<p>https:\/\/www.youtube.com\/watch?v=Xd6oOeTTdbk<\/p>\n<p>&nbsp;<\/p>\n<p><iframe loading=\"lazy\" title=\"Meditaci\u00f3n y cerebro: neuroplasticidad - Matthieu Richard y Richard Davidson\" width=\"640\" height=\"480\" src=\"https:\/\/www.youtube.com\/embed\/n9GXAksGc00?feature=oembed\" frameborder=\"0\" allow=\"accelerometer; autoplay; clipboard-write; encrypted-media; gyroscope; picture-in-picture; web-share\" referrerpolicy=\"strict-origin-when-cross-origin\" allowfullscreen><\/iframe><\/p>\n<p>&nbsp;<\/p>\n<p>https:\/\/www.youtube.com\/watch?v=75NZNVq6RRw<\/p>\n<p>&nbsp;<\/p>\n<p><iframe loading=\"lazy\" title=\"Aprender a gestionar nuestras emociones\" width=\"640\" height=\"360\" src=\"https:\/\/www.youtube.com\/embed\/lmSC2Db9GmQ?feature=oembed\" frameborder=\"0\" allow=\"accelerometer; autoplay; clipboard-write; encrypted-media; gyroscope; picture-in-picture; web-share\" referrerpolicy=\"strict-origin-when-cross-origin\" allowfullscreen><\/iframe><\/p>\n<p>&nbsp;<\/p>\n<p><iframe loading=\"lazy\" title=\"Fortalece tu mente: Richard Davidson- Parte I- Mindfulness\" width=\"640\" height=\"360\" src=\"https:\/\/www.youtube.com\/embed\/gnIwsbf_I_A?feature=oembed\" frameborder=\"0\" allow=\"accelerometer; autoplay; clipboard-write; encrypted-media; gyroscope; picture-in-picture; web-share\" referrerpolicy=\"strict-origin-when-cross-origin\" allowfullscreen><\/iframe><\/p>\n<p>&nbsp;<\/p>\n<p><iframe loading=\"lazy\" title=\"Meditaci\u00f3n y aprendizaje.  Richard Davidson\" width=\"640\" height=\"480\" src=\"https:\/\/www.youtube.com\/embed\/aZDkgQAZJhg?feature=oembed\" frameborder=\"0\" allow=\"accelerometer; autoplay; clipboard-write; encrypted-media; gyroscope; picture-in-picture; web-share\" referrerpolicy=\"strict-origin-when-cross-origin\" allowfullscreen><\/iframe><\/p>\n<p>&nbsp;<\/p>\n<p><iframe loading=\"lazy\" title=\"EFECTOS DE LA MEDITACION EN EL CEREBRO - RICHARD DAVIDSON DOBL. ESPA\u00d1OL - 4 HALLAZGOS  CIENT\u00cdFICOS\" width=\"640\" height=\"360\" src=\"https:\/\/www.youtube.com\/embed\/ZvhpTBT6UqI?feature=oembed\" frameborder=\"0\" allow=\"accelerometer; autoplay; clipboard-write; encrypted-media; gyroscope; picture-in-picture; web-share\" referrerpolicy=\"strict-origin-when-cross-origin\" allowfullscreen><\/iframe><\/p>\n<p>&nbsp;<\/p>\n<p><iframe loading=\"lazy\" title=\"Atenci\u00f3n, regulaci\u00f3n emocional y aprendizaje seg\u00fan Richard Davidson\" width=\"640\" height=\"480\" src=\"https:\/\/www.youtube.com\/embed\/KLXWrBIeJMc?feature=oembed\" frameborder=\"0\" allow=\"accelerometer; autoplay; clipboard-write; encrypted-media; gyroscope; picture-in-picture; web-share\" referrerpolicy=\"strict-origin-when-cross-origin\" allowfullscreen><\/iframe><\/p>\n<p>&nbsp;<\/p>\n<p><iframe loading=\"lazy\" title=\"Entrevista de Claudia Madrazo al Dr Richard J. Davidson\" width=\"640\" height=\"360\" src=\"https:\/\/www.youtube.com\/embed\/JKQHGAJWlvQ?feature=oembed\" frameborder=\"0\" allow=\"accelerometer; autoplay; clipboard-write; encrypted-media; gyroscope; picture-in-picture; web-share\" referrerpolicy=\"strict-origin-when-cross-origin\" allowfullscreen><\/iframe><\/p>\n<p>&nbsp;<\/p>\n<p><iframe loading=\"lazy\" title=\"Conferencia &#039;Kindfulness&#039; con Richard Davidson\" width=\"640\" height=\"360\" src=\"https:\/\/www.youtube.com\/embed\/-jLAaT6GpxM?feature=oembed\" frameborder=\"0\" allow=\"accelerometer; autoplay; clipboard-write; encrypted-media; gyroscope; picture-in-picture; web-share\" referrerpolicy=\"strict-origin-when-cross-origin\" allowfullscreen><\/iframe><\/p>\n<p>&nbsp;<\/p>\n<p><iframe loading=\"lazy\" title=\"3-NEUROPLASTICIDAD Y MEDITACI\u00d3N-Richard J. Davidson\" width=\"640\" height=\"480\" src=\"https:\/\/www.youtube.com\/embed\/bE7C8Sc5ooA?feature=oembed\" frameborder=\"0\" allow=\"accelerometer; autoplay; clipboard-write; encrypted-media; gyroscope; picture-in-picture; web-share\" referrerpolicy=\"strict-origin-when-cross-origin\" allowfullscreen><\/iframe><\/p>\n<p>&nbsp;<\/p>\n<p><iframe loading=\"lazy\" title=\"Richard Davidson - Bienestar\" width=\"640\" height=\"360\" src=\"https:\/\/www.youtube.com\/embed\/0O2Oa8NqSgE?feature=oembed\" frameborder=\"0\" allow=\"accelerometer; autoplay; clipboard-write; encrypted-media; gyroscope; picture-in-picture; web-share\" referrerpolicy=\"strict-origin-when-cross-origin\" allowfullscreen><\/iframe><\/p>\n<p>&nbsp;<\/p>\n<p><iframe loading=\"lazy\" title=\"Neurociencia de la meditaci\u00f3n  Richard Davidson\" width=\"640\" height=\"480\" src=\"https:\/\/www.youtube.com\/embed\/EXCEpSmeaOc?feature=oembed\" frameborder=\"0\" allow=\"accelerometer; autoplay; clipboard-write; encrypted-media; gyroscope; picture-in-picture; web-share\" referrerpolicy=\"strict-origin-when-cross-origin\" allowfullscreen><\/iframe><\/p>\n<p>&nbsp;<\/p>\n<p><iframe loading=\"lazy\" title=\"Dr. Richard Davidson - Importancia del aprendizaje socioemocional\" width=\"640\" height=\"360\" src=\"https:\/\/www.youtube.com\/embed\/TkEV2S7Gsek?feature=oembed\" frameborder=\"0\" allow=\"accelerometer; autoplay; clipboard-write; encrypted-media; gyroscope; picture-in-picture; web-share\" referrerpolicy=\"strict-origin-when-cross-origin\" allowfullscreen><\/iframe><\/p>\n<p>&nbsp;<\/p>\n<p><iframe loading=\"lazy\" title=\"Fortalece tu mente: Richard Davidson- Parte IV- Mindfulness\" width=\"640\" height=\"360\" src=\"https:\/\/www.youtube.com\/embed\/esiByr9o3Wg?feature=oembed\" frameborder=\"0\" allow=\"accelerometer; autoplay; clipboard-write; encrypted-media; gyroscope; picture-in-picture; web-share\" referrerpolicy=\"strict-origin-when-cross-origin\" allowfullscreen><\/iframe><\/p>\n<p>&nbsp;<\/p>\n<p><iframe loading=\"lazy\" title=\"Neurologist Richard Davidson | Pioneers Ep. 10\" width=\"640\" height=\"360\" src=\"https:\/\/www.youtube.com\/embed\/_Gok2dUtdWE?feature=oembed\" frameborder=\"0\" allow=\"accelerometer; autoplay; clipboard-write; encrypted-media; gyroscope; picture-in-picture; web-share\" referrerpolicy=\"strict-origin-when-cross-origin\" allowfullscreen><\/iframe><\/p>\n<p>&nbsp;<\/p>\n<p><iframe loading=\"lazy\" title=\"El Bienestar es una Habilidad Dr.Richard Davidson FLIP 2018 Fundacio\u0301n Banorte\" width=\"640\" height=\"360\" src=\"https:\/\/www.youtube.com\/embed\/vQ3iRncsNkA?feature=oembed\" frameborder=\"0\" allow=\"accelerometer; autoplay; clipboard-write; encrypted-media; gyroscope; picture-in-picture; web-share\" referrerpolicy=\"strict-origin-when-cross-origin\" allowfullscreen><\/iframe><\/p>\n<p>&nbsp;<\/p>\n<p><iframe loading=\"lazy\" title=\"Fortalece tu mente: Richard Davidson- Parte III- Mindfulness\" width=\"640\" height=\"360\" src=\"https:\/\/www.youtube.com\/embed\/zZcygw84TvU?feature=oembed\" frameborder=\"0\" allow=\"accelerometer; autoplay; clipboard-write; encrypted-media; gyroscope; picture-in-picture; web-share\" referrerpolicy=\"strict-origin-when-cross-origin\" allowfullscreen><\/iframe><\/p>\n<p>&nbsp;<\/p>\n<p><iframe loading=\"lazy\" title=\"Conoce a Richard Davidson creador del  Center for Healthy Minds\" width=\"640\" height=\"360\" src=\"https:\/\/www.youtube.com\/embed\/0PHc1tQmSNo?feature=oembed\" frameborder=\"0\" allow=\"accelerometer; autoplay; clipboard-write; encrypted-media; gyroscope; picture-in-picture; web-share\" referrerpolicy=\"strict-origin-when-cross-origin\" allowfullscreen><\/iframe><\/p>\n<p>&nbsp;<\/p>\n<p><iframe loading=\"lazy\" title=\"Meditaci\u00f3n y cerebro  Monjes budistas Richard Davidson\" width=\"640\" height=\"480\" src=\"https:\/\/www.youtube.com\/embed\/hmjw99fHel4?feature=oembed\" frameborder=\"0\" allow=\"accelerometer; autoplay; clipboard-write; encrypted-media; gyroscope; picture-in-picture; web-share\" referrerpolicy=\"strict-origin-when-cross-origin\" allowfullscreen><\/iframe><\/p>\n<p>&nbsp;<\/p>\n<p><iframe loading=\"lazy\" title=\"The Science of a Happy Mind, Part 1 | Nat Geo Live\" width=\"640\" height=\"360\" src=\"https:\/\/www.youtube.com\/embed\/ELLeIMFIWy0?feature=oembed\" frameborder=\"0\" allow=\"accelerometer; autoplay; clipboard-write; encrypted-media; gyroscope; picture-in-picture; web-share\" referrerpolicy=\"strict-origin-when-cross-origin\" allowfullscreen><\/iframe><\/p>\n","protected":false},"excerpt":{"rendered":"<p>&nbsp; https:\/\/www.youtube.com\/watch?v=IM30SGX9vMA &nbsp; &nbsp; &nbsp; &nbsp; https:\/\/www.youtube.com\/watch?v=Xd6oOeTTdbk &nbsp; &nbsp; https:\/\/www.youtube.com\/watch?v=75NZNVq6RRw &nbsp; &nbsp; &nbsp; &nbsp; &nbsp; &nbsp; &nbsp; &nbsp;<\/p>\n","protected":false},"author":1,"featured_media":0,"parent":0,"menu_order":0,"comment_status":"closed","ping_status":"closed","template":"","meta":{"footnotes":""},"class_list":["post-5169","page","type-page","status-publish","hentry"],"_links":{"self":[{"href":"https:\/\/globalsolidarity.live\/wikiyoga\/wp-json\/wp\/v2\/pages\/5169","targetHints":{"allow":["GET"]}}],"collection":[{"href":"https:\/\/globalsolidarity.live\/wikiyoga\/wp-json\/wp\/v2\/pages"}],"about":[{"href":"https:\/\/globalsolidarity.live\/wikiyoga\/wp-json\/wp\/v2\/types\/page"}],"author":[{"embeddable":true,"href":"https:\/\/globalsolidarity.live\/wikiyoga\/wp-json\/wp\/v2\/users\/1"}],"replies":[{"embeddable":true,"href":"https:\/\/globalsolidarity.live\/wikiyoga\/wp-json\/wp\/v2\/comments?post=5169"}],"version-history":[{"count":1,"href":"https:\/\/globalsolidarity.live\/wikiyoga\/wp-json\/wp\/v2\/pages\/5169\/revisions"}],"predecessor-version":[{"id":5170,"href":"https:\/\/globalsolidarity.live\/wikiyoga\/wp-json\/wp\/v2\/pages\/5169\/revisions\/5170"}],"wp:attachment":[{"href":"https:\/\/globalsolidarity.live\/wikiyoga\/wp-json\/wp\/v2\/media?parent=5169"}],"curies":[{"name":"wp","href":"https:\/\/api.w.org\/{rel}","templated":true}]}}